{"id":1437,"date":"2014-08-30T20:31:57","date_gmt":"2014-08-30T19:31:57","guid":{"rendered":"https:\/\/ji1srvbmrkp.preview.infomaniak.website\/?page_id=1437"},"modified":"2020-05-20T14:13:50","modified_gmt":"2020-05-20T13:13:50","slug":"laventure-dun-appel","status":"publish","type":"page","link":"https:\/\/www.grainesdesaints.fr\/?page_id=1437","title":{"rendered":"L&rsquo;aventure d&rsquo;un appel"},"content":{"rendered":"<p>Ces quelques pages vous permettront de d\u00e9couvrir comment est n\u00e9e la collection \u00ab\u00a0Graines de saints\u00a0\u00bb, et son but : donner aux enfants le d\u00e9sir d&rsquo;\u00eatre saints, \u00e0 l&rsquo;\u00e9cole des saints.<\/p>\n<p><strong><a href=\"https:\/\/www.grainesdesaints.fr\/?page_id=74\">Le concept<\/a><\/strong><\/p>\n<p><strong><a href=\"https:\/\/www.grainesdesaints.fr\/?page_id=18\">L&rsquo;originalit\u00e9<\/a><\/strong><\/p>\n<p><a href=\"https:\/\/www.grainesdesaints.fr\/?page_id=20\"><strong>La r\u00e9ponse \u00e0 un appel<\/strong><\/a><\/p>\n<p><a href=\"https:\/\/www.grainesdesaints.fr\/?page_id=35\"><strong>Qui est Marcel Van ?<\/strong><\/a><\/p>\n<p>&nbsp;<\/p>\n<div id=\"attachment_617\" style=\"width: 288px\" class=\"wp-caption aligncenter\"><img loading=\"lazy\" decoding=\"async\" aria-describedby=\"caption-attachment-617\" data-attachment-id=\"617\" data-permalink=\"https:\/\/www.grainesdesaints.fr\/?attachment_id=617\" data-orig-file=\"https:\/\/www.grainesdesaints.fr\/wp-content\/uploads\/2013\/01\/van34b-e1366323432657.jpg\" data-orig-size=\"2935,3162\" data-comments-opened=\"0\" data-image-meta=\"{&quot;aperture&quot;:&quot;0&quot;,&quot;credit&quot;:&quot;&quot;,&quot;camera&quot;:&quot;&quot;,&quot;caption&quot;:&quot;&quot;,&quot;created_timestamp&quot;:&quot;0&quot;,&quot;copyright&quot;:&quot;&quot;,&quot;focal_length&quot;:&quot;0&quot;,&quot;iso&quot;:&quot;0&quot;,&quot;shutter_speed&quot;:&quot;0&quot;,&quot;title&quot;:&quot;&quot;}\" data-image-title=\"Van et les bananes\" data-image-description=\"\" data-image-caption=\"&lt;p&gt;J\u00e9sus, as-tu d\u00e9j\u00e0 mang\u00e9&amp;#8230; des bananes ?&lt;\/p&gt;\n\" data-large-file=\"https:\/\/www.grainesdesaints.fr\/wp-content\/uploads\/2013\/01\/van34b-e1366323432657-950x1024.jpg\" class=\"wp-image-617 size-medium\" src=\"https:\/\/www.grainesdesaints.fr\/wp-content\/uploads\/2013\/01\/van34b-e1366323432657-278x300.jpg\" alt=\"J\u00e9sus, as-tu d\u00e9j\u00e0 mang\u00e9... des bananes ?\" width=\"278\" height=\"300\" srcset=\"https:\/\/www.grainesdesaints.fr\/wp-content\/uploads\/2013\/01\/van34b-e1366323432657-278x300.jpg 278w, https:\/\/www.grainesdesaints.fr\/wp-content\/uploads\/2013\/01\/van34b-e1366323432657-950x1024.jpg 950w\" sizes=\"auto, (max-width: 278px) 100vw, 278px\" \/><p id=\"caption-attachment-617\" class=\"wp-caption-text\">J\u00e9sus, as-tu d\u00e9j\u00e0 mang\u00e9&#8230; des bananes ?<\/p><\/div>\n","protected":false},"excerpt":{"rendered":"<p>Ces quelques pages vous permettront de d\u00e9couvrir comment est n\u00e9e la collection \u00ab\u00a0Graines de saints\u00a0\u00bb, et son but : donner aux enfants le d\u00e9sir d&rsquo;\u00eatre saints, \u00e0 l&rsquo;\u00e9cole des saints. Le concept L&rsquo;originalit\u00e9 La r\u00e9ponse \u00e0 un appel Qui est Marcel Van ? &nbsp;<\/p>\n","protected":false},"author":2,"featured_media":0,"parent":0,"menu_order":1,"comment_status":"closed","ping_status":"closed","template":"","meta":{"footnotes":""},"class_list":["post-1437","page","type-page","status-publish","hentry"],"yoast_head":"<!-- This site is optimized with the Yoast SEO plugin v27.6 - https:\/\/yoast.com\/product\/yoast-seo-wordpress\/ -->\n<title>L&#039;aventure d&#039;un appel - Graines de saints<\/title>\n<meta name=\"robots\" content=\"index, follow, max-snippet:-1, max-image-preview:large, max-video-preview:-1\" \/>\n<link rel=\"canonical\" href=\"https:\/\/www.grainesdesaints.fr\/?page_id=1437\" \/>\n<meta property=\"og:locale\" content=\"fr_FR\" \/>\n<meta property=\"og:type\" content=\"article\" \/>\n<meta property=\"og:title\" content=\"L&#039;aventure d&#039;un appel - Graines de saints\" \/>\n<meta property=\"og:description\" content=\"Ces quelques pages vous permettront de d\u00e9couvrir comment est n\u00e9e la collection \u00ab\u00a0Graines de saints\u00a0\u00bb, et son but : donner aux enfants le d\u00e9sir d&rsquo;\u00eatre saints, \u00e0 l&rsquo;\u00e9cole des saints. Le concept L&rsquo;originalit\u00e9 La r\u00e9ponse \u00e0 un appel Qui est Marcel Van ? &nbsp;\" \/>\n<meta property=\"og:url\" content=\"https:\/\/www.grainesdesaints.fr\/?page_id=1437\" \/>\n<meta property=\"og:site_name\" content=\"Graines de saints\" \/>\n<meta property=\"article:modified_time\" content=\"2020-05-20T13:13:50+00:00\" \/>\n<meta property=\"og:image\" content=\"https:\/\/www.grainesdesaints.fr\/wp-content\/uploads\/2013\/01\/van34b-e1366323432657-278x300.jpg\" \/>\n<script type=\"application\/ld+json\" class=\"yoast-schema-graph\">{\"@context\":\"https:\\\/\\\/schema.org\",\"@graph\":[{\"@type\":\"WebPage\",\"@id\":\"https:\\\/\\\/www.grainesdesaints.fr\\\/?page_id=1437\",\"url\":\"https:\\\/\\\/www.grainesdesaints.fr\\\/?page_id=1437\",\"name\":\"L'aventure d'un appel - Graines de saints\",\"isPartOf\":{\"@id\":\"https:\\\/\\\/www.grainesdesaints.fr\\\/#website\"},\"primaryImageOfPage\":{\"@id\":\"https:\\\/\\\/www.grainesdesaints.fr\\\/?page_id=1437#primaryimage\"},\"image\":{\"@id\":\"https:\\\/\\\/www.grainesdesaints.fr\\\/?page_id=1437#primaryimage\"},\"thumbnailUrl\":\"https:\\\/\\\/www.grainesdesaints.fr\\\/wp-content\\\/uploads\\\/2013\\\/01\\\/van34b-e1366323432657-278x300.jpg\",\"datePublished\":\"2014-08-30T19:31:57+00:00\",\"dateModified\":\"2020-05-20T13:13:50+00:00\",\"inLanguage\":\"fr-FR\",\"potentialAction\":[{\"@type\":\"ReadAction\",\"target\":[\"https:\\\/\\\/www.grainesdesaints.fr\\\/?page_id=1437\"]}]},{\"@type\":\"ImageObject\",\"inLanguage\":\"fr-FR\",\"@id\":\"https:\\\/\\\/www.grainesdesaints.fr\\\/?page_id=1437#primaryimage\",\"url\":\"https:\\\/\\\/www.grainesdesaints.fr\\\/wp-content\\\/uploads\\\/2013\\\/01\\\/van34b-e1366323432657.jpg\",\"contentUrl\":\"https:\\\/\\\/www.grainesdesaints.fr\\\/wp-content\\\/uploads\\\/2013\\\/01\\\/van34b-e1366323432657.jpg\",\"width\":2935,\"height\":3162,\"caption\":\"J\u00e9sus, as-tu d\u00e9j\u00e0 mang\u00e9... des bananes ?\"},{\"@type\":\"WebSite\",\"@id\":\"https:\\\/\\\/www.grainesdesaints.fr\\\/#website\",\"url\":\"https:\\\/\\\/www.grainesdesaints.fr\\\/\",\"name\":\"Graines de saints\",\"description\":\"La vie des saints pour les 4-10 ans\",\"potentialAction\":[{\"@type\":\"SearchAction\",\"target\":{\"@type\":\"EntryPoint\",\"urlTemplate\":\"https:\\\/\\\/www.grainesdesaints.fr\\\/?s={search_term_string}\"},\"query-input\":{\"@type\":\"PropertyValueSpecification\",\"valueRequired\":true,\"valueName\":\"search_term_string\"}}],\"inLanguage\":\"fr-FR\"}]}<\/script>\n<!-- \/ Yoast SEO plugin. -->","yoast_head_json":{"title":"L'aventure d'un appel - Graines de saints","robots":{"index":"index","follow":"follow","max-snippet":"max-snippet:-1","max-image-preview":"max-image-preview:large","max-video-preview":"max-video-preview:-1"},"canonical":"https:\/\/www.grainesdesaints.fr\/?page_id=1437","og_locale":"fr_FR","og_type":"article","og_title":"L'aventure d'un appel - Graines de saints","og_description":"Ces quelques pages vous permettront de d\u00e9couvrir comment est n\u00e9e la collection \u00ab\u00a0Graines de saints\u00a0\u00bb, et son but : donner aux enfants le d\u00e9sir d&rsquo;\u00eatre saints, \u00e0 l&rsquo;\u00e9cole des saints. Le concept L&rsquo;originalit\u00e9 La r\u00e9ponse \u00e0 un appel Qui est Marcel Van ? &nbsp;","og_url":"https:\/\/www.grainesdesaints.fr\/?page_id=1437","og_site_name":"Graines de saints","article_modified_time":"2020-05-20T13:13:50+00:00","og_image":[{"url":"https:\/\/www.grainesdesaints.fr\/wp-content\/uploads\/2013\/01\/van34b-e1366323432657-278x300.jpg","type":"","width":"","height":""}],"schema":{"@context":"https:\/\/schema.org","@graph":[{"@type":"WebPage","@id":"https:\/\/www.grainesdesaints.fr\/?page_id=1437","url":"https:\/\/www.grainesdesaints.fr\/?page_id=1437","name":"L'aventure d'un appel - Graines de saints","isPartOf":{"@id":"https:\/\/www.grainesdesaints.fr\/#website"},"primaryImageOfPage":{"@id":"https:\/\/www.grainesdesaints.fr\/?page_id=1437#primaryimage"},"image":{"@id":"https:\/\/www.grainesdesaints.fr\/?page_id=1437#primaryimage"},"thumbnailUrl":"https:\/\/www.grainesdesaints.fr\/wp-content\/uploads\/2013\/01\/van34b-e1366323432657-278x300.jpg","datePublished":"2014-08-30T19:31:57+00:00","dateModified":"2020-05-20T13:13:50+00:00","inLanguage":"fr-FR","potentialAction":[{"@type":"ReadAction","target":["https:\/\/www.grainesdesaints.fr\/?page_id=1437"]}]},{"@type":"ImageObject","inLanguage":"fr-FR","@id":"https:\/\/www.grainesdesaints.fr\/?page_id=1437#primaryimage","url":"https:\/\/www.grainesdesaints.fr\/wp-content\/uploads\/2013\/01\/van34b-e1366323432657.jpg","contentUrl":"https:\/\/www.grainesdesaints.fr\/wp-content\/uploads\/2013\/01\/van34b-e1366323432657.jpg","width":2935,"height":3162,"caption":"J\u00e9sus, as-tu d\u00e9j\u00e0 mang\u00e9... des bananes ?"},{"@type":"WebSite","@id":"https:\/\/www.grainesdesaints.fr\/#website","url":"https:\/\/www.grainesdesaints.fr\/","name":"Graines de saints","description":"La vie des saints pour les 4-10 ans","potentialAction":[{"@type":"SearchAction","target":{"@type":"EntryPoint","urlTemplate":"https:\/\/www.grainesdesaints.fr\/?s={search_term_string}"},"query-input":{"@type":"PropertyValueSpecification","valueRequired":true,"valueName":"search_term_string"}}],"inLanguage":"fr-FR"}]}},"jetpack_shortlink":"https:\/\/wp.me\/P3sQ0b-nb","jetpack_sharing_enabled":true,"_links":{"self":[{"href":"https:\/\/www.grainesdesaints.fr\/index.php?rest_route=\/wp\/v2\/pages\/1437","targetHints":{"allow":["GET"]}}],"collection":[{"href":"https:\/\/www.grainesdesaints.fr\/index.php?rest_route=\/wp\/v2\/pages"}],"about":[{"href":"https:\/\/www.grainesdesaints.fr\/index.php?rest_route=\/wp\/v2\/types\/page"}],"author":[{"embeddable":true,"href":"https:\/\/www.grainesdesaints.fr\/index.php?rest_route=\/wp\/v2\/users\/2"}],"replies":[{"embeddable":true,"href":"https:\/\/www.grainesdesaints.fr\/index.php?rest_route=%2Fwp%2Fv2%2Fcomments&post=1437"}],"version-history":[{"count":4,"href":"https:\/\/www.grainesdesaints.fr\/index.php?rest_route=\/wp\/v2\/pages\/1437\/revisions"}],"predecessor-version":[{"id":8537,"href":"https:\/\/www.grainesdesaints.fr\/index.php?rest_route=\/wp\/v2\/pages\/1437\/revisions\/8537"}],"wp:attachment":[{"href":"https:\/\/www.grainesdesaints.fr\/index.php?rest_route=%2Fwp%2Fv2%2Fmedia&parent=1437"}],"curies":[{"name":"wp","href":"https:\/\/api.w.org\/{rel}","templated":true}]}}