{"id":1691,"date":"2015-10-16T08:40:28","date_gmt":"2015-10-16T07:40:28","guid":{"rendered":"https:\/\/ji1srvbmrkp.preview.infomaniak.website\/?page_id=1691"},"modified":"2020-09-07T12:56:50","modified_gmt":"2020-09-07T11:56:50","slug":"les-prochains-titres-2","status":"publish","type":"page","link":"https:\/\/www.grainesdesaints.fr\/?page_id=1691","title":{"rendered":"Jean-Paul II, dis-nous en qui tu crois !"},"content":{"rendered":"<p><span style=\"color: #fcf0f0;\">.<\/span><\/p>\n<p style=\"text-align: justify;\"><span style=\"color: #ff6600;\"><span style=\"color: #b88d42;\"><i><img loading=\"lazy\" decoding=\"async\" data-attachment-id=\"8645\" data-permalink=\"https:\/\/www.grainesdesaints.fr\/?attachment_id=8645\" data-orig-file=\"https:\/\/www.grainesdesaints.fr\/wp-content\/uploads\/2015\/10\/Couv_JP2.jpg\" data-orig-size=\"451,500\" data-comments-opened=\"0\" data-image-meta=\"{&quot;aperture&quot;:&quot;0&quot;,&quot;credit&quot;:&quot;&quot;,&quot;camera&quot;:&quot;&quot;,&quot;caption&quot;:&quot;&quot;,&quot;created_timestamp&quot;:&quot;0&quot;,&quot;copyright&quot;:&quot;&quot;,&quot;focal_length&quot;:&quot;0&quot;,&quot;iso&quot;:&quot;0&quot;,&quot;shutter_speed&quot;:&quot;0&quot;,&quot;title&quot;:&quot;&quot;,&quot;orientation&quot;:&quot;0&quot;}\" data-image-title=\"\" data-image-description=\"\" data-image-caption=\"\" data-large-file=\"https:\/\/www.grainesdesaints.fr\/wp-content\/uploads\/2015\/10\/Couv_JP2.jpg\" class=\"alignleft size-medium wp-image-8645\" src=\"https:\/\/www.grainesdesaints.fr\/wp-content\/uploads\/2015\/10\/Couv_JP2-271x300.jpg\" alt=\"Couv_JP2\" width=\"271\" height=\"300\" srcset=\"https:\/\/www.grainesdesaints.fr\/wp-content\/uploads\/2015\/10\/Couv_JP2-271x300.jpg 271w, https:\/\/www.grainesdesaints.fr\/wp-content\/uploads\/2015\/10\/Couv_JP2.jpg 451w\" sizes=\"auto, (max-width: 271px) 100vw, 271px\" \/><span style=\"color: #003366;\">\u00ab Je vous ai racont\u00e9 mon histoire : celle d\u2019un enfant sans cesse dans les mains de Dieu, de la Providence, et de la M\u00e8re\u2026 J\u00e9sus et Marie choisissent souvent des enfants pour leur confier des missions tr\u00e8s importantes. Alors j\u2019ai d\u00e9cid\u00e9 de vous en confier une moi aussi : je vous charge de prier pour la paix ! La paix dans vos familles qui sont les sanctuaires de la vie et de l\u2019amour, la paix dans le monde. \u00bb<\/span><\/i><span style=\"color: #003366;\"> (Extrait)<\/span><\/span><span style=\"color: #ffffff;\">&#8211;<\/span><br \/>\n<\/span><\/p>\n<p style=\"text-align: justify;\">De ses parties de patins \u00e0 glace sur le fleuve de Wadowice jusqu\u2019\u00e0 ses excursions en ski dans les montagnes d\u2019Italie, de sa ch\u00e8re Pologne d\u00e9vast\u00e9e par la guerre jusqu\u2019\u00e0 Saint-Pierre de Rome : <b>Karol Wojtyla nous emm\u00e8ne avec lui et nous fait revivre les moments marquants de son histoire<\/b>, qui l\u2019ont pr\u00e9par\u00e9 \u00e0 devenir un jour le pape Jean-Paul II. Ap\u00f4tre intr\u00e9pide du Christ, il continue d\u2019appeler chaque enfant \u00e0 entrer dans l\u2019esp\u00e9rance et \u00e0 grandir dans la foi.<\/p>\n<p style=\"text-align: justify;\"><span style=\"color: #ffffff;\">&#8212;<\/span><\/p>\n<p><span class=\"embed-youtube\" style=\"text-align:center; display: block;\"><iframe loading=\"lazy\" class=\"youtube-player\" width=\"640\" height=\"360\" src=\"https:\/\/www.youtube.com\/embed\/u9L4JPQEc4Q?version=3&#038;rel=1&#038;showsearch=0&#038;showinfo=1&#038;iv_load_policy=1&#038;fs=1&#038;hl=fr-FR&#038;autohide=2&#038;wmode=transparent\" allowfullscreen=\"true\" style=\"border:0;\" sandbox=\"allow-scripts allow-same-origin allow-popups allow-presentation allow-popups-to-escape-sandbox\"><\/iframe><\/span><\/p>\n<p style=\"text-align: justify;\">Auteur&nbsp;: B\u00e9n\u00e9dicte Delelis &#8211;&nbsp;Compositeur&nbsp;: Anne-Sophie Rahm &#8211;&nbsp;Illustrateur&nbsp;: \u00c9ric Puybaret<br \/>\nNarrateur :&nbsp;Matthieu de Laubier<\/p>\n<p>Nombre de pages&nbsp;: 48<br \/>\nFormat (mm)&nbsp;: 22 x 25 cm<br \/>\nDur\u00e9e du CD (min)&nbsp;: 45\u2019<br \/>\nPrix TTC : 17,90&nbsp;\u20ac<\/p>\n","protected":false},"excerpt":{"rendered":"<p>. \u00ab Je vous ai racont\u00e9 mon histoire : celle d\u2019un enfant sans cesse dans les mains de Dieu, de la Providence, et de la M\u00e8re\u2026 J\u00e9sus et Marie choisissent souvent des enfants pour leur confier des missions tr\u00e8s importantes. Alors j\u2019ai d\u00e9cid\u00e9 de vous en confier une moi aussi : je vous charge de &hellip; <a class=\"read-excerpt\" href=\"https:\/\/www.grainesdesaints.fr\/?page_id=1691\">Continuer la lecture <span class=\"meta-nav\">&raquo;<\/span><\/a><\/p>\n","protected":false},"author":2,"featured_media":0,"parent":5,"menu_order":6,"comment_status":"closed","ping_status":"closed","template":"","meta":{"jetpack_post_was_ever_published":false,"footnotes":""},"class_list":["post-1691","page","type-page","status-publish","hentry"],"yoast_head":"<!-- This site is optimized with the Yoast SEO plugin v27.5 - https:\/\/yoast.com\/product\/yoast-seo-wordpress\/ -->\n<title>Jean-Paul II, dis-nous en qui tu crois ! - Graines de saints<\/title>\n<meta name=\"robots\" content=\"index, follow, max-snippet:-1, max-image-preview:large, max-video-preview:-1\" \/>\n<link rel=\"canonical\" href=\"https:\/\/www.grainesdesaints.fr\/?page_id=1691\" \/>\n<meta property=\"og:locale\" content=\"fr_FR\" \/>\n<meta property=\"og:type\" content=\"article\" \/>\n<meta property=\"og:title\" content=\"Jean-Paul II, dis-nous en qui tu crois ! - Graines de saints\" \/>\n<meta property=\"og:description\" content=\". \u00ab Je vous ai racont\u00e9 mon histoire : celle d\u2019un enfant sans cesse dans les mains de Dieu, de la Providence, et de la M\u00e8re\u2026 J\u00e9sus et Marie choisissent souvent des enfants pour leur confier des missions tr\u00e8s importantes. Alors j\u2019ai d\u00e9cid\u00e9 de vous en confier une moi aussi : je vous charge de &hellip; Continuer la lecture &raquo;\" \/>\n<meta property=\"og:url\" content=\"https:\/\/www.grainesdesaints.fr\/?page_id=1691\" \/>\n<meta property=\"og:site_name\" content=\"Graines de saints\" \/>\n<meta property=\"article:modified_time\" content=\"2020-09-07T11:56:50+00:00\" \/>\n<meta property=\"og:image\" content=\"https:\/\/www.grainesdesaints.fr\/wp-content\/uploads\/2015\/10\/Couv_JP2-271x300.jpg\" \/>\n<meta name=\"twitter:label1\" content=\"Dur\u00e9e de lecture estim\u00e9e\" \/>\n\t<meta name=\"twitter:data1\" content=\"1 minute\" \/>\n<script type=\"application\/ld+json\" class=\"yoast-schema-graph\">{\"@context\":\"https:\\\/\\\/schema.org\",\"@graph\":[{\"@type\":\"WebPage\",\"@id\":\"https:\\\/\\\/www.grainesdesaints.fr\\\/?page_id=1691\",\"url\":\"https:\\\/\\\/www.grainesdesaints.fr\\\/?page_id=1691\",\"name\":\"Jean-Paul II, dis-nous en qui tu crois ! - Graines de saints\",\"isPartOf\":{\"@id\":\"https:\\\/\\\/www.grainesdesaints.fr\\\/#website\"},\"primaryImageOfPage\":{\"@id\":\"https:\\\/\\\/www.grainesdesaints.fr\\\/?page_id=1691#primaryimage\"},\"image\":{\"@id\":\"https:\\\/\\\/www.grainesdesaints.fr\\\/?page_id=1691#primaryimage\"},\"thumbnailUrl\":\"https:\\\/\\\/www.grainesdesaints.fr\\\/wp-content\\\/uploads\\\/2015\\\/10\\\/Couv_JP2-271x300.jpg\",\"datePublished\":\"2015-10-16T07:40:28+00:00\",\"dateModified\":\"2020-09-07T11:56:50+00:00\",\"breadcrumb\":{\"@id\":\"https:\\\/\\\/www.grainesdesaints.fr\\\/?page_id=1691#breadcrumb\"},\"inLanguage\":\"fr-FR\",\"potentialAction\":[{\"@type\":\"ReadAction\",\"target\":[\"https:\\\/\\\/www.grainesdesaints.fr\\\/?page_id=1691\"]}]},{\"@type\":\"ImageObject\",\"inLanguage\":\"fr-FR\",\"@id\":\"https:\\\/\\\/www.grainesdesaints.fr\\\/?page_id=1691#primaryimage\",\"url\":\"https:\\\/\\\/www.grainesdesaints.fr\\\/wp-content\\\/uploads\\\/2015\\\/10\\\/Couv_JP2.jpg\",\"contentUrl\":\"https:\\\/\\\/www.grainesdesaints.fr\\\/wp-content\\\/uploads\\\/2015\\\/10\\\/Couv_JP2.jpg\",\"width\":451,\"height\":500},{\"@type\":\"BreadcrumbList\",\"@id\":\"https:\\\/\\\/www.grainesdesaints.fr\\\/?page_id=1691#breadcrumb\",\"itemListElement\":[{\"@type\":\"ListItem\",\"position\":1,\"name\":\"La collection \u00ab\u00a0Graines de saints\u00a0\u00bb\",\"item\":\"https:\\\/\\\/www.grainesdesaints.fr\\\/?page_id=5\"},{\"@type\":\"ListItem\",\"position\":2,\"name\":\"Jean-Paul II, dis-nous en qui tu crois !\"}]},{\"@type\":\"WebSite\",\"@id\":\"https:\\\/\\\/www.grainesdesaints.fr\\\/#website\",\"url\":\"https:\\\/\\\/www.grainesdesaints.fr\\\/\",\"name\":\"Graines de saints\",\"description\":\"La vie des saints pour les 4-10 ans\",\"potentialAction\":[{\"@type\":\"SearchAction\",\"target\":{\"@type\":\"EntryPoint\",\"urlTemplate\":\"https:\\\/\\\/www.grainesdesaints.fr\\\/?s={search_term_string}\"},\"query-input\":{\"@type\":\"PropertyValueSpecification\",\"valueRequired\":true,\"valueName\":\"search_term_string\"}}],\"inLanguage\":\"fr-FR\"}]}<\/script>\n<!-- \/ Yoast SEO plugin. -->","yoast_head_json":{"title":"Jean-Paul II, dis-nous en qui tu crois ! - Graines de saints","robots":{"index":"index","follow":"follow","max-snippet":"max-snippet:-1","max-image-preview":"max-image-preview:large","max-video-preview":"max-video-preview:-1"},"canonical":"https:\/\/www.grainesdesaints.fr\/?page_id=1691","og_locale":"fr_FR","og_type":"article","og_title":"Jean-Paul II, dis-nous en qui tu crois ! - Graines de saints","og_description":". \u00ab Je vous ai racont\u00e9 mon histoire : celle d\u2019un enfant sans cesse dans les mains de Dieu, de la Providence, et de la M\u00e8re\u2026 J\u00e9sus et Marie choisissent souvent des enfants pour leur confier des missions tr\u00e8s importantes. Alors j\u2019ai d\u00e9cid\u00e9 de vous en confier une moi aussi : je vous charge de &hellip; Continuer la lecture &raquo;","og_url":"https:\/\/www.grainesdesaints.fr\/?page_id=1691","og_site_name":"Graines de saints","article_modified_time":"2020-09-07T11:56:50+00:00","og_image":[{"url":"https:\/\/www.grainesdesaints.fr\/wp-content\/uploads\/2015\/10\/Couv_JP2-271x300.jpg","type":"","width":"","height":""}],"twitter_misc":{"Dur\u00e9e de lecture estim\u00e9e":"1 minute"},"schema":{"@context":"https:\/\/schema.org","@graph":[{"@type":"WebPage","@id":"https:\/\/www.grainesdesaints.fr\/?page_id=1691","url":"https:\/\/www.grainesdesaints.fr\/?page_id=1691","name":"Jean-Paul II, dis-nous en qui tu crois ! - Graines de saints","isPartOf":{"@id":"https:\/\/www.grainesdesaints.fr\/#website"},"primaryImageOfPage":{"@id":"https:\/\/www.grainesdesaints.fr\/?page_id=1691#primaryimage"},"image":{"@id":"https:\/\/www.grainesdesaints.fr\/?page_id=1691#primaryimage"},"thumbnailUrl":"https:\/\/www.grainesdesaints.fr\/wp-content\/uploads\/2015\/10\/Couv_JP2-271x300.jpg","datePublished":"2015-10-16T07:40:28+00:00","dateModified":"2020-09-07T11:56:50+00:00","breadcrumb":{"@id":"https:\/\/www.grainesdesaints.fr\/?page_id=1691#breadcrumb"},"inLanguage":"fr-FR","potentialAction":[{"@type":"ReadAction","target":["https:\/\/www.grainesdesaints.fr\/?page_id=1691"]}]},{"@type":"ImageObject","inLanguage":"fr-FR","@id":"https:\/\/www.grainesdesaints.fr\/?page_id=1691#primaryimage","url":"https:\/\/www.grainesdesaints.fr\/wp-content\/uploads\/2015\/10\/Couv_JP2.jpg","contentUrl":"https:\/\/www.grainesdesaints.fr\/wp-content\/uploads\/2015\/10\/Couv_JP2.jpg","width":451,"height":500},{"@type":"BreadcrumbList","@id":"https:\/\/www.grainesdesaints.fr\/?page_id=1691#breadcrumb","itemListElement":[{"@type":"ListItem","position":1,"name":"La collection \u00ab\u00a0Graines de saints\u00a0\u00bb","item":"https:\/\/www.grainesdesaints.fr\/?page_id=5"},{"@type":"ListItem","position":2,"name":"Jean-Paul II, dis-nous en qui tu crois !"}]},{"@type":"WebSite","@id":"https:\/\/www.grainesdesaints.fr\/#website","url":"https:\/\/www.grainesdesaints.fr\/","name":"Graines de saints","description":"La vie des saints pour les 4-10 ans","potentialAction":[{"@type":"SearchAction","target":{"@type":"EntryPoint","urlTemplate":"https:\/\/www.grainesdesaints.fr\/?s={search_term_string}"},"query-input":{"@type":"PropertyValueSpecification","valueRequired":true,"valueName":"search_term_string"}}],"inLanguage":"fr-FR"}]}},"jetpack_shortlink":"https:\/\/wp.me\/P3sQ0b-rh","jetpack_sharing_enabled":true,"_links":{"self":[{"href":"https:\/\/www.grainesdesaints.fr\/index.php?rest_route=\/wp\/v2\/pages\/1691","targetHints":{"allow":["GET"]}}],"collection":[{"href":"https:\/\/www.grainesdesaints.fr\/index.php?rest_route=\/wp\/v2\/pages"}],"about":[{"href":"https:\/\/www.grainesdesaints.fr\/index.php?rest_route=\/wp\/v2\/types\/page"}],"author":[{"embeddable":true,"href":"https:\/\/www.grainesdesaints.fr\/index.php?rest_route=\/wp\/v2\/users\/2"}],"replies":[{"embeddable":true,"href":"https:\/\/www.grainesdesaints.fr\/index.php?rest_route=%2Fwp%2Fv2%2Fcomments&post=1691"}],"version-history":[{"count":38,"href":"https:\/\/www.grainesdesaints.fr\/index.php?rest_route=\/wp\/v2\/pages\/1691\/revisions"}],"predecessor-version":[{"id":9380,"href":"https:\/\/www.grainesdesaints.fr\/index.php?rest_route=\/wp\/v2\/pages\/1691\/revisions\/9380"}],"up":[{"embeddable":true,"href":"https:\/\/www.grainesdesaints.fr\/index.php?rest_route=\/wp\/v2\/pages\/5"}],"wp:attachment":[{"href":"https:\/\/www.grainesdesaints.fr\/index.php?rest_route=%2Fwp%2Fv2%2Fmedia&parent=1691"}],"curies":[{"name":"wp","href":"https:\/\/api.w.org\/{rel}","templated":true}]}}

<p><span style="color: #fcf0f0;">.</span></p>
<p style="text-align: justify;"><span style="color: #ff6600;"><span style="color: #b88d42;"><i><img loading="lazy" decoding="async" data-attachment-id="8645" data-permalink="https://www.grainesdesaints.fr/?attachment_id=8645" data-orig-file="https://www.grainesdesaints.fr/wp-content/uploads/2015/10/Couv_JP2.jpg" data-orig-size="451,500" data-comments-opened="0" data-image-meta="{&quot;aperture&quot;:&quot;0&quot;,&quot;credit&quot;:&quot;&quot;,&quot;camera&quot;:&quot;&quot;,&quot;caption&quot;:&quot;&quot;,&quot;created_timestamp&quot;:&quot;0&quot;,&quot;copyright&quot;:&quot;&quot;,&quot;focal_length&quot;:&quot;0&quot;,&quot;iso&quot;:&quot;0&quot;,&quot;shutter_speed&quot;:&quot;0&quot;,&quot;title&quot;:&quot;&quot;,&quot;orientation&quot;:&quot;0&quot;}" data-image-title="" data-image-description="" data-image-caption="" data-large-file="https://www.grainesdesaints.fr/wp-content/uploads/2015/10/Couv_JP2.jpg" class="alignleft size-medium wp-image-8645" src="https://www.grainesdesaints.fr/wp-content/uploads/2015/10/Couv_JP2-271x300.jpg" alt="Couv_JP2" width="271" height="300" srcset="https://www.grainesdesaints.fr/wp-content/uploads/2015/10/Couv_JP2-271x300.jpg 271w, https://www.grainesdesaints.fr/wp-content/uploads/2015/10/Couv_JP2.jpg 451w" sizes="auto, (max-width: 271px) 100vw, 271px" /><span style="color: #003366;">« Je vous ai raconté mon histoire : celle d’un enfant sans cesse dans les mains de Dieu, de la Providence, et de la Mère… Jésus et Marie choisissent souvent des enfants pour leur confier des missions très importantes. Alors j’ai décidé de vous en confier une moi aussi : je vous charge de prier pour la paix ! La paix dans vos familles qui sont les sanctuaires de la vie et de l’amour, la paix dans le monde. »</span></i><span style="color: #003366;"> (Extrait)</span></span><span style="color: #ffffff;">&#8211;</span><br />
</span></p>
<p style="text-align: justify;">De ses parties de patins à glace sur le fleuve de Wadowice jusqu’à ses excursions en ski dans les montagnes d’Italie, de sa chère Pologne dévastée par la guerre jusqu’à Saint-Pierre de Rome : <b>Karol Wojtyla nous emmène avec lui et nous fait revivre les moments marquants de son histoire</b>, qui l’ont préparé à devenir un jour le pape Jean-Paul II. Apôtre intrépide du Christ, il continue d’appeler chaque enfant à entrer dans l’espérance et à grandir dans la foi.</p>
<p style="text-align: justify;"><span style="color: #ffffff;">&#8212;</span></p>
<p><span class="embed-youtube" style="text-align:center; display: block;"><iframe loading="lazy" class="youtube-player" width="640" height="360" src="https://www.youtube.com/embed/u9L4JPQEc4Q?version=3&#038;rel=1&#038;showsearch=0&#038;showinfo=1&#038;iv_load_policy=1&#038;fs=1&#038;hl=fr-FR&#038;autohide=2&#038;wmode=transparent" allowfullscreen="true" style="border:0;" sandbox="allow-scripts allow-same-origin allow-popups allow-presentation allow-popups-to-escape-sandbox"></iframe></span></p>
<p style="text-align: justify;">Auteur&nbsp;: Bénédicte Delelis &#8211;&nbsp;Compositeur&nbsp;: Anne-Sophie Rahm &#8211;&nbsp;Illustrateur&nbsp;: Éric Puybaret<br />
Narrateur :&nbsp;Matthieu de Laubier</p>
<p>Nombre de pages&nbsp;: 48<br />
Format (mm)&nbsp;: 22 x 25 cm<br />
Durée du CD (min)&nbsp;: 45’<br />
Prix TTC : 17,90&nbsp;€</p>

<p>. « Je vous ai raconté mon histoire : celle d’un enfant sans cesse dans les mains de Dieu, de la Providence, et de la Mère… Jésus et Marie choisissent souvent des enfants pour leur confier des missions très importantes. Alors j’ai décidé de vous en confier une moi aussi : je vous charge de &hellip; <a class="read-excerpt" href="https://www.grainesdesaints.fr/?page_id=1691">Continuer la lecture <span class="meta-nav">&raquo;</span></a></p>

<!-- This site is optimized with the Yoast SEO plugin v27.5 - https://yoast.com/product/yoast-seo-wordpress/ -->
<title>Jean-Paul II, dis-nous en qui tu crois ! - Graines de saints</title>
<meta name="robots" content="index, follow, max-snippet:-1, max-image-preview:large, max-video-preview:-1" />
<link rel="canonical" href="https://www.grainesdesaints.fr/?page_id=1691" />
<meta property="og:locale" content="fr_FR" />
<meta property="og:type" content="article" />
<meta property="og:title" content="Jean-Paul II, dis-nous en qui tu crois ! - Graines de saints" />
<meta property="og:description" content=". « Je vous ai raconté mon histoire : celle d’un enfant sans cesse dans les mains de Dieu, de la Providence, et de la Mère… Jésus et Marie choisissent souvent des enfants pour leur confier des missions très importantes. Alors j’ai décidé de vous en confier une moi aussi : je vous charge de &hellip; Continuer la lecture &raquo;" />
<meta property="og:url" content="https://www.grainesdesaints.fr/?page_id=1691" />
<meta property="og:site_name" content="Graines de saints" />
<meta property="article:modified_time" content="2020-09-07T11:56:50+00:00" />
<meta property="og:image" content="https://www.grainesdesaints.fr/wp-content/uploads/2015/10/Couv_JP2-271x300.jpg" />
<meta name="twitter:label1" content="Durée de lecture estimée" />
	<meta name="twitter:data1" content="1 minute" />
<script type="application/ld+json" class="yoast-schema-graph">{"@context":"https:\/\/schema.org","@graph":[{"@type":"WebPage","@id":"https:\/\/www.grainesdesaints.fr\/?page_id=1691","url":"https:\/\/www.grainesdesaints.fr\/?page_id=1691","name":"Jean-Paul II, dis-nous en qui tu crois ! - Graines de saints","isPartOf":{"@id":"https:\/\/www.grainesdesaints.fr\/#website"},"primaryImageOfPage":{"@id":"https:\/\/www.grainesdesaints.fr\/?page_id=1691#primaryimage"},"image":{"@id":"https:\/\/www.grainesdesaints.fr\/?page_id=1691#primaryimage"},"thumbnailUrl":"https:\/\/www.grainesdesaints.fr\/wp-content\/uploads\/2015\/10\/Couv_JP2-271x300.jpg","datePublished":"2015-10-16T07:40:28+00:00","dateModified":"2020-09-07T11:56:50+00:00","breadcrumb":{"@id":"https:\/\/www.grainesdesaints.fr\/?page_id=1691#breadcrumb"},"inLanguage":"fr-FR","potentialAction":[{"@type":"ReadAction","target":["https:\/\/www.grainesdesaints.fr\/?page_id=1691"]}]},{"@type":"ImageObject","inLanguage":"fr-FR","@id":"https:\/\/www.grainesdesaints.fr\/?page_id=1691#primaryimage","url":"https:\/\/www.grainesdesaints.fr\/wp-content\/uploads\/2015\/10\/Couv_JP2.jpg","contentUrl":"https:\/\/www.grainesdesaints.fr\/wp-content\/uploads\/2015\/10\/Couv_JP2.jpg","width":451,"height":500},{"@type":"BreadcrumbList","@id":"https:\/\/www.grainesdesaints.fr\/?page_id=1691#breadcrumb","itemListElement":[{"@type":"ListItem","position":1,"name":"La collection « Graines de saints »","item":"https:\/\/www.grainesdesaints.fr\/?page_id=5"},{"@type":"ListItem","position":2,"name":"Jean-Paul II, dis-nous en qui tu crois !"}]},{"@type":"WebSite","@id":"https:\/\/www.grainesdesaints.fr\/#website","url":"https:\/\/www.grainesdesaints.fr\/","name":"Graines de saints","description":"La vie des saints pour les 4-10 ans","potentialAction":[{"@type":"SearchAction","target":{"@type":"EntryPoint","urlTemplate":"https:\/\/www.grainesdesaints.fr\/?s={search_term_string}"},"query-input":{"@type":"PropertyValueSpecification","valueRequired":true,"valueName":"search_term_string"}}],"inLanguage":"fr-FR"}]}</script>
<!-- / Yoast SEO plugin. -->

. « Je vous ai raconté mon histoire : celle d’un enfant sans cesse dans les mains de Dieu, de la Providence, et de la Mère… Jésus et Marie choisissent souvent des enfants pour leur confier des missions très importantes. Alors j’ai décidé de vous en confier une moi aussi : je vous charge de &hellip; Continuer la lecture &raquo;
