{"id":1762,"date":"2016-07-07T20:37:59","date_gmt":"2016-07-07T19:37:59","guid":{"rendered":"https:\/\/ji1srvbmrkp.preview.infomaniak.website\/?page_id=1762"},"modified":"2020-09-07T12:54:59","modified_gmt":"2020-09-07T11:54:59","slug":"mere-teresa-dis-crois","status":"publish","type":"page","link":"https:\/\/www.grainesdesaints.fr\/?page_id=1762","title":{"rendered":"M\u00e8re Teresa, dis-nous en qui tu crois !"},"content":{"rendered":"<p style=\"text-align: justify;\"><span style=\"color: #ffffff;\">.<\/span><\/p>\n<p style=\"text-align: justify;\"><span style=\"color: #fc2a02;\"><span style=\"color: #003366;\"><em><img loading=\"lazy\" decoding=\"async\" data-attachment-id=\"1766\" data-permalink=\"https:\/\/www.grainesdesaints.fr\/?attachment_id=1766\" data-orig-file=\"https:\/\/www.grainesdesaints.fr\/wp-content\/uploads\/2016\/07\/CouvMT-e1467920574317.png\" data-orig-size=\"1797,2002\" data-comments-opened=\"0\" data-image-meta=\"{&quot;aperture&quot;:&quot;0&quot;,&quot;credit&quot;:&quot;&quot;,&quot;camera&quot;:&quot;&quot;,&quot;caption&quot;:&quot;&quot;,&quot;created_timestamp&quot;:&quot;0&quot;,&quot;copyright&quot;:&quot;&quot;,&quot;focal_length&quot;:&quot;0&quot;,&quot;iso&quot;:&quot;0&quot;,&quot;shutter_speed&quot;:&quot;0&quot;,&quot;title&quot;:&quot;&quot;,&quot;orientation&quot;:&quot;0&quot;}\" data-image-title=\"\" data-image-description=\"\" data-image-caption=\"\" data-large-file=\"https:\/\/www.grainesdesaints.fr\/wp-content\/uploads\/2016\/07\/CouvMT-e1467920574317-689x768.png\" class=\"alignleft size-medium wp-image-1766\" src=\"https:\/\/www.grainesdesaints.fr\/wp-content\/uploads\/2016\/07\/CouvMT-e1467920574317-269x300.png\" alt=\"\" width=\"269\" height=\"300\" srcset=\"https:\/\/www.grainesdesaints.fr\/wp-content\/uploads\/2016\/07\/CouvMT-e1467920574317-269x300.png 269w, https:\/\/www.grainesdesaints.fr\/wp-content\/uploads\/2016\/07\/CouvMT-e1467920574317-768x856.png 768w, https:\/\/www.grainesdesaints.fr\/wp-content\/uploads\/2016\/07\/CouvMT-e1467920574317-689x768.png 689w, https:\/\/www.grainesdesaints.fr\/wp-content\/uploads\/2016\/07\/CouvMT-e1467920574317.png 1797w\" sizes=\"auto, (max-width: 269px) 100vw, 269px\" \/>\u00ab J\u00e9sus veut que je vous dise encore combien est grand l\u2019amour qu\u2019il porte \u00e0 chacun de vous, au-del\u00e0 de tout ce que vous pouvez imaginer. Non seulement il vous aime, plus encore, il a soif de vous. Vous lui manquez lorsque vous ne vous approchez pas de lui. Donnez \u00e0 J\u00e9sus vos mains, vos pieds, votre c\u0153ur : il veut vivre en vous, et aimer le monde \u00e0 travers vous, aujourd\u2019hui. \u00bb <\/em>(Extrait)<\/span><br \/>\n<span style=\"color: #fff2e6;\">&#8211;<\/span><\/span><\/p>\n<p style=\"text-align: justify;\">\u00c0 travers le r\u00e9cit de son histoire, M\u00e8re Teresa nous communique son <strong>amour de J\u00e9sus et des pauvres,<\/strong> nous entra\u00eenant \u00e0 sa suite dans les bidonvilles de Calcutta. <strong>\u00ab\u00a0Viens, sois ma lumi\u00e8re !\u00a0\u00bb<\/strong> C&rsquo;est cet appel qui a r\u00e9sonn\u00e9 dans le c\u0153ur de M\u00e8re Teresa, la poussant \u00e0 braver tous les obstacles pour que naisse une congr\u00e9gation de \u00ab\u00a0S\u0153urs Missionnaires de la Charit\u00e9\u00a0\u00bb, des s\u0153urs pauvres au service des plus pauvres. Aujourd&rsquo;hui, \u00e0 travers vous et moi, M\u00e8re Teresa veut poursuivre sa mission : apporter la lumi\u00e8re \u00e0 ceux qui sont dans les t\u00e9n\u00e8bres du d\u00e9sespoir, et amener \u00e0 J\u00e9sus tous les c\u0153urs !<\/p>\n<p>&nbsp;<\/p>\n<p><span class=\"embed-youtube\" style=\"text-align:center; display: block;\"><iframe loading=\"lazy\" class=\"youtube-player\" width=\"640\" height=\"360\" src=\"https:\/\/www.youtube.com\/embed\/w8GEFJulTKI?version=3&#038;rel=1&#038;showsearch=0&#038;showinfo=1&#038;iv_load_policy=1&#038;fs=1&#038;hl=fr-FR&#038;autohide=2&#038;wmode=transparent\" allowfullscreen=\"true\" style=\"border:0;\" sandbox=\"allow-scripts allow-same-origin allow-popups allow-presentation allow-popups-to-escape-sandbox\"><\/iframe><\/span><\/p>\n<p>Auteur&nbsp;: B\u00e9n\u00e9dicte Delelis &#8211;&nbsp;Compositeur&nbsp;: Anne-Sophie Rahm &#8211;&nbsp;Illustrateur&nbsp;: \u00c9ric Puybaret<br \/>\nNarrateur :&nbsp;Golchehr Damghani<\/p>\n<p>Nombre de pages&nbsp;: 48<br \/>\nFormat (mm)&nbsp;: 22 x 25 cm<br \/>\nDur\u00e9e du CD (min)&nbsp;: 45\u2019<br \/>\nPrix TTC : 17,90&nbsp;\u20ac<\/p>\n<p>Plus d\u2019informations&nbsp;<a href=\"https:\/\/www.mameeditions.com\/9782728921577-mere-teresa-dis-nous-en-qui-tu-crois-cd.html\" target=\"_blank\" rel=\"noopener noreferrer\">sur le site des \u00e9ditions Mame<\/a>.<\/p>\n","protected":false},"excerpt":{"rendered":"<p>. \u00ab J\u00e9sus veut que je vous dise encore combien est grand l\u2019amour qu\u2019il porte \u00e0 chacun de vous, au-del\u00e0 de tout ce que vous pouvez imaginer. Non seulement il vous aime, plus encore, il a soif de vous. Vous lui manquez lorsque vous ne vous approchez pas de lui. Donnez \u00e0 J\u00e9sus vos mains, &hellip; <a class=\"read-excerpt\" href=\"https:\/\/www.grainesdesaints.fr\/?page_id=1762\">Continuer la lecture <span class=\"meta-nav\">&raquo;<\/span><\/a><\/p>\n","protected":false},"author":2,"featured_media":0,"parent":5,"menu_order":4,"comment_status":"closed","ping_status":"closed","template":"","meta":{"jetpack_post_was_ever_published":false,"footnotes":""},"class_list":["post-1762","page","type-page","status-publish","hentry"],"yoast_head":"<!-- This site is optimized with the Yoast SEO plugin v27.5 - https:\/\/yoast.com\/product\/yoast-seo-wordpress\/ -->\n<title>M\u00e8re Teresa, dis-nous en qui tu crois ! - Graines de saints<\/title>\n<meta name=\"robots\" content=\"index, follow, max-snippet:-1, max-image-preview:large, max-video-preview:-1\" \/>\n<link rel=\"canonical\" href=\"https:\/\/www.grainesdesaints.fr\/?page_id=1762\" \/>\n<meta property=\"og:locale\" content=\"fr_FR\" \/>\n<meta property=\"og:type\" content=\"article\" \/>\n<meta property=\"og:title\" content=\"M\u00e8re Teresa, dis-nous en qui tu crois ! - Graines de saints\" \/>\n<meta property=\"og:description\" content=\". \u00ab J\u00e9sus veut que je vous dise encore combien est grand l\u2019amour qu\u2019il porte \u00e0 chacun de vous, au-del\u00e0 de tout ce que vous pouvez imaginer. Non seulement il vous aime, plus encore, il a soif de vous. Vous lui manquez lorsque vous ne vous approchez pas de lui. Donnez \u00e0 J\u00e9sus vos mains, &hellip; Continuer la lecture &raquo;\" \/>\n<meta property=\"og:url\" content=\"https:\/\/www.grainesdesaints.fr\/?page_id=1762\" \/>\n<meta property=\"og:site_name\" content=\"Graines de saints\" \/>\n<meta property=\"article:modified_time\" content=\"2020-09-07T11:54:59+00:00\" \/>\n<meta property=\"og:image\" content=\"https:\/\/www.grainesdesaints.fr\/wp-content\/uploads\/2016\/07\/CouvMT-e1467920574317-269x300.png\" \/>\n<meta name=\"twitter:label1\" content=\"Dur\u00e9e de lecture estim\u00e9e\" \/>\n\t<meta name=\"twitter:data1\" content=\"1 minute\" \/>\n<script type=\"application\/ld+json\" class=\"yoast-schema-graph\">{\"@context\":\"https:\\\/\\\/schema.org\",\"@graph\":[{\"@type\":\"WebPage\",\"@id\":\"https:\\\/\\\/www.grainesdesaints.fr\\\/?page_id=1762\",\"url\":\"https:\\\/\\\/www.grainesdesaints.fr\\\/?page_id=1762\",\"name\":\"M\u00e8re Teresa, dis-nous en qui tu crois ! - Graines de saints\",\"isPartOf\":{\"@id\":\"https:\\\/\\\/www.grainesdesaints.fr\\\/#website\"},\"primaryImageOfPage\":{\"@id\":\"https:\\\/\\\/www.grainesdesaints.fr\\\/?page_id=1762#primaryimage\"},\"image\":{\"@id\":\"https:\\\/\\\/www.grainesdesaints.fr\\\/?page_id=1762#primaryimage\"},\"thumbnailUrl\":\"https:\\\/\\\/www.grainesdesaints.fr\\\/wp-content\\\/uploads\\\/2016\\\/07\\\/CouvMT-e1467920574317-269x300.png\",\"datePublished\":\"2016-07-07T19:37:59+00:00\",\"dateModified\":\"2020-09-07T11:54:59+00:00\",\"breadcrumb\":{\"@id\":\"https:\\\/\\\/www.grainesdesaints.fr\\\/?page_id=1762#breadcrumb\"},\"inLanguage\":\"fr-FR\",\"potentialAction\":[{\"@type\":\"ReadAction\",\"target\":[\"https:\\\/\\\/www.grainesdesaints.fr\\\/?page_id=1762\"]}]},{\"@type\":\"ImageObject\",\"inLanguage\":\"fr-FR\",\"@id\":\"https:\\\/\\\/www.grainesdesaints.fr\\\/?page_id=1762#primaryimage\",\"url\":\"https:\\\/\\\/www.grainesdesaints.fr\\\/wp-content\\\/uploads\\\/2016\\\/07\\\/CouvMT-e1467920574317.png\",\"contentUrl\":\"https:\\\/\\\/www.grainesdesaints.fr\\\/wp-content\\\/uploads\\\/2016\\\/07\\\/CouvMT-e1467920574317.png\",\"width\":1797,\"height\":2002},{\"@type\":\"BreadcrumbList\",\"@id\":\"https:\\\/\\\/www.grainesdesaints.fr\\\/?page_id=1762#breadcrumb\",\"itemListElement\":[{\"@type\":\"ListItem\",\"position\":1,\"name\":\"La collection \u00ab\u00a0Graines de saints\u00a0\u00bb\",\"item\":\"https:\\\/\\\/www.grainesdesaints.fr\\\/?page_id=5\"},{\"@type\":\"ListItem\",\"position\":2,\"name\":\"M\u00e8re Teresa, dis-nous en qui tu crois !\"}]},{\"@type\":\"WebSite\",\"@id\":\"https:\\\/\\\/www.grainesdesaints.fr\\\/#website\",\"url\":\"https:\\\/\\\/www.grainesdesaints.fr\\\/\",\"name\":\"Graines de saints\",\"description\":\"La vie des saints pour les 4-10 ans\",\"potentialAction\":[{\"@type\":\"SearchAction\",\"target\":{\"@type\":\"EntryPoint\",\"urlTemplate\":\"https:\\\/\\\/www.grainesdesaints.fr\\\/?s={search_term_string}\"},\"query-input\":{\"@type\":\"PropertyValueSpecification\",\"valueRequired\":true,\"valueName\":\"search_term_string\"}}],\"inLanguage\":\"fr-FR\"}]}<\/script>\n<!-- \/ Yoast SEO plugin. -->","yoast_head_json":{"title":"M\u00e8re Teresa, dis-nous en qui tu crois ! - Graines de saints","robots":{"index":"index","follow":"follow","max-snippet":"max-snippet:-1","max-image-preview":"max-image-preview:large","max-video-preview":"max-video-preview:-1"},"canonical":"https:\/\/www.grainesdesaints.fr\/?page_id=1762","og_locale":"fr_FR","og_type":"article","og_title":"M\u00e8re Teresa, dis-nous en qui tu crois ! - Graines de saints","og_description":". \u00ab J\u00e9sus veut que je vous dise encore combien est grand l\u2019amour qu\u2019il porte \u00e0 chacun de vous, au-del\u00e0 de tout ce que vous pouvez imaginer. Non seulement il vous aime, plus encore, il a soif de vous. Vous lui manquez lorsque vous ne vous approchez pas de lui. Donnez \u00e0 J\u00e9sus vos mains, &hellip; Continuer la lecture &raquo;","og_url":"https:\/\/www.grainesdesaints.fr\/?page_id=1762","og_site_name":"Graines de saints","article_modified_time":"2020-09-07T11:54:59+00:00","og_image":[{"url":"https:\/\/www.grainesdesaints.fr\/wp-content\/uploads\/2016\/07\/CouvMT-e1467920574317-269x300.png","type":"","width":"","height":""}],"twitter_misc":{"Dur\u00e9e de lecture estim\u00e9e":"1 minute"},"schema":{"@context":"https:\/\/schema.org","@graph":[{"@type":"WebPage","@id":"https:\/\/www.grainesdesaints.fr\/?page_id=1762","url":"https:\/\/www.grainesdesaints.fr\/?page_id=1762","name":"M\u00e8re Teresa, dis-nous en qui tu crois ! - Graines de saints","isPartOf":{"@id":"https:\/\/www.grainesdesaints.fr\/#website"},"primaryImageOfPage":{"@id":"https:\/\/www.grainesdesaints.fr\/?page_id=1762#primaryimage"},"image":{"@id":"https:\/\/www.grainesdesaints.fr\/?page_id=1762#primaryimage"},"thumbnailUrl":"https:\/\/www.grainesdesaints.fr\/wp-content\/uploads\/2016\/07\/CouvMT-e1467920574317-269x300.png","datePublished":"2016-07-07T19:37:59+00:00","dateModified":"2020-09-07T11:54:59+00:00","breadcrumb":{"@id":"https:\/\/www.grainesdesaints.fr\/?page_id=1762#breadcrumb"},"inLanguage":"fr-FR","potentialAction":[{"@type":"ReadAction","target":["https:\/\/www.grainesdesaints.fr\/?page_id=1762"]}]},{"@type":"ImageObject","inLanguage":"fr-FR","@id":"https:\/\/www.grainesdesaints.fr\/?page_id=1762#primaryimage","url":"https:\/\/www.grainesdesaints.fr\/wp-content\/uploads\/2016\/07\/CouvMT-e1467920574317.png","contentUrl":"https:\/\/www.grainesdesaints.fr\/wp-content\/uploads\/2016\/07\/CouvMT-e1467920574317.png","width":1797,"height":2002},{"@type":"BreadcrumbList","@id":"https:\/\/www.grainesdesaints.fr\/?page_id=1762#breadcrumb","itemListElement":[{"@type":"ListItem","position":1,"name":"La collection \u00ab\u00a0Graines de saints\u00a0\u00bb","item":"https:\/\/www.grainesdesaints.fr\/?page_id=5"},{"@type":"ListItem","position":2,"name":"M\u00e8re Teresa, dis-nous en qui tu crois !"}]},{"@type":"WebSite","@id":"https:\/\/www.grainesdesaints.fr\/#website","url":"https:\/\/www.grainesdesaints.fr\/","name":"Graines de saints","description":"La vie des saints pour les 4-10 ans","potentialAction":[{"@type":"SearchAction","target":{"@type":"EntryPoint","urlTemplate":"https:\/\/www.grainesdesaints.fr\/?s={search_term_string}"},"query-input":{"@type":"PropertyValueSpecification","valueRequired":true,"valueName":"search_term_string"}}],"inLanguage":"fr-FR"}]}},"jetpack_shortlink":"https:\/\/wp.me\/P3sQ0b-sq","jetpack_sharing_enabled":true,"_links":{"self":[{"href":"https:\/\/www.grainesdesaints.fr\/index.php?rest_route=\/wp\/v2\/pages\/1762","targetHints":{"allow":["GET"]}}],"collection":[{"href":"https:\/\/www.grainesdesaints.fr\/index.php?rest_route=\/wp\/v2\/pages"}],"about":[{"href":"https:\/\/www.grainesdesaints.fr\/index.php?rest_route=\/wp\/v2\/types\/page"}],"author":[{"embeddable":true,"href":"https:\/\/www.grainesdesaints.fr\/index.php?rest_route=\/wp\/v2\/users\/2"}],"replies":[{"embeddable":true,"href":"https:\/\/www.grainesdesaints.fr\/index.php?rest_route=%2Fwp%2Fv2%2Fcomments&post=1762"}],"version-history":[{"count":11,"href":"https:\/\/www.grainesdesaints.fr\/index.php?rest_route=\/wp\/v2\/pages\/1762\/revisions"}],"predecessor-version":[{"id":9371,"href":"https:\/\/www.grainesdesaints.fr\/index.php?rest_route=\/wp\/v2\/pages\/1762\/revisions\/9371"}],"up":[{"embeddable":true,"href":"https:\/\/www.grainesdesaints.fr\/index.php?rest_route=\/wp\/v2\/pages\/5"}],"wp:attachment":[{"href":"https:\/\/www.grainesdesaints.fr\/index.php?rest_route=%2Fwp%2Fv2%2Fmedia&parent=1762"}],"curies":[{"name":"wp","href":"https:\/\/api.w.org\/{rel}","templated":true}]}}