{"id":374,"date":"2013-01-17T21:57:40","date_gmt":"2013-01-17T21:57:40","guid":{"rendered":"http:\/\/petitsaint.wordpress.com\/?page_id=374"},"modified":"2021-09-30T20:20:33","modified_gmt":"2021-09-30T19:20:33","slug":"contact","status":"publish","type":"page","link":"https:\/\/www.grainesdesaints.fr\/?page_id=374","title":{"rendered":"Contact"},"content":{"rendered":"\n<div class=\"wp-block-group\"><div class=\"wp-block-group__inner-container is-layout-flow wp-block-group-is-layout-flow\">\n<div class=\"wp-block-image\"><figure class=\"alignleft\"><img loading=\"lazy\" decoding=\"async\" width=\"300\" height=\"224\" data-attachment-id=\"939\" data-permalink=\"https:\/\/www.grainesdesaints.fr\/?attachment_id=939\" data-orig-file=\"https:\/\/www.grainesdesaints.fr\/wp-content\/uploads\/2013\/04\/Vanb.jpg\" data-orig-size=\"3424,2567\" data-comments-opened=\"0\" data-image-meta=\"{&quot;aperture&quot;:&quot;0&quot;,&quot;credit&quot;:&quot;&quot;,&quot;camera&quot;:&quot;&quot;,&quot;caption&quot;:&quot;&quot;,&quot;created_timestamp&quot;:&quot;0&quot;,&quot;copyright&quot;:&quot;&quot;,&quot;focal_length&quot;:&quot;0&quot;,&quot;iso&quot;:&quot;0&quot;,&quot;shutter_speed&quot;:&quot;0&quot;,&quot;title&quot;:&quot;&quot;}\" data-image-title=\"Vanb\" data-image-description=\"\" data-image-caption=\"\" data-large-file=\"https:\/\/www.grainesdesaints.fr\/wp-content\/uploads\/2013\/04\/Vanb-1024x767.jpg\" src=\"https:\/\/www.grainesdesaints.fr\/wp-content\/uploads\/2013\/04\/Vanb-300x224.jpg\" alt=\"Vanb\" class=\"wp-image-939\" srcset=\"https:\/\/www.grainesdesaints.fr\/wp-content\/uploads\/2013\/04\/Vanb-300x224.jpg 300w, https:\/\/www.grainesdesaints.fr\/wp-content\/uploads\/2013\/04\/Vanb-1024x767.jpg 1024w, https:\/\/www.grainesdesaints.fr\/wp-content\/uploads\/2013\/04\/Vanb-160x120.jpg 160w\" sizes=\"auto, (max-width: 300px) 100vw, 300px\" \/><\/figure><\/div>\n\n\n\n<p><b>Libraire&nbsp;?<\/b> Si vous souhaitez organiser une signature, une rencontre, des animations pour faire conna\u00eetre le message de Van aux enfants, vous pouvez contacter Mathilde de Chefdebien : <script type=text\/javascript> var name = \"m.dechefdebien\" ; var domain = \"mameeditions.com\" ; document.write('<a href=\"mailto:' + name + '@' + domain + '\">' + name + '@' + domain + '<\/a>') ;<\/script>.<\/p>\n\n\n\n<p><b>Journaliste&nbsp;?<\/b> Si vous souhaitez recevoir un exemplaire (service de presse), organiser une interview, renseignez-vous aupr\u00e8s de Mathilde de Chefdebien : <script type=text\/javascript> var name = \"m.dechefdebien\" ; var domain = \"mameeditions.com\" ; document.write('<a href=\"mailto:' + name + '@' + domain + '\">' + name + '@' + domain + '<\/a>') ;<\/script>.<\/p>\n\n\n\n<p><strong>Service apr\u00e8s vente ?<\/strong> Si vous rencontrez une difficult\u00e9 dans le t\u00e9l\u00e9chargement de partitions achet\u00e9es sur ce site, veuillez contacter notre support : <script type=text\/javascript> var name = \"contact\" ; var domain = \"grainesdesaints.fr\" ; document.write('<a href=\"mailto:' + name + '@' + domain + '\">' + name + '@' + domain + '<\/a>') ;<\/script>. Pensez \u00e0 v\u00e9rifier vos courriers ind\u00e9sirables (\u00ab spams \u00bb) si vous n&rsquo;avez pas re\u00e7u de mail contenant de liens pour t\u00e9l\u00e9charger vos partitions.<\/p>\n<\/div><\/div>\n","protected":false},"excerpt":{"rendered":"<p>Libraire&nbsp;? Si vous souhaitez organiser une signature, une rencontre, des animations pour faire conna\u00eetre le message de Van aux enfants, vous pouvez contacter Mathilde de Chefdebien : . Journaliste&nbsp;? Si vous souhaitez recevoir un exemplaire (service de presse), organiser une interview, renseignez-vous aupr\u00e8s de Mathilde de Chefdebien : . Service apr\u00e8s vente ? Si vous &hellip; <a class=\"read-excerpt\" href=\"https:\/\/www.grainesdesaints.fr\/?page_id=374\">Continuer la lecture <span class=\"meta-nav\">&raquo;<\/span><\/a><\/p>\n","protected":false},"author":2,"featured_media":0,"parent":348,"menu_order":4,"comment_status":"closed","ping_status":"closed","template":"","meta":{"jetpack_post_was_ever_published":false,"footnotes":""},"class_list":["post-374","page","type-page","status-publish","hentry"],"yoast_head":"<!-- This site is optimized with the Yoast SEO plugin v27.4 - https:\/\/yoast.com\/product\/yoast-seo-wordpress\/ -->\n<title>Contact - Graines de saints<\/title>\n<meta name=\"robots\" content=\"index, follow, max-snippet:-1, max-image-preview:large, max-video-preview:-1\" \/>\n<link rel=\"canonical\" href=\"https:\/\/www.grainesdesaints.fr\/?page_id=374\" \/>\n<meta property=\"og:locale\" content=\"fr_FR\" \/>\n<meta property=\"og:type\" content=\"article\" \/>\n<meta property=\"og:title\" content=\"Contact - Graines de saints\" \/>\n<meta property=\"og:description\" content=\"Libraire&nbsp;? Si vous souhaitez organiser une signature, une rencontre, des animations pour faire conna\u00eetre le message de Van aux enfants, vous pouvez contacter Mathilde de Chefdebien : . Journaliste&nbsp;? Si vous souhaitez recevoir un exemplaire (service de presse), organiser une interview, renseignez-vous aupr\u00e8s de Mathilde de Chefdebien : . Service apr\u00e8s vente ? Si vous &hellip; Continuer la lecture &raquo;\" \/>\n<meta property=\"og:url\" content=\"https:\/\/www.grainesdesaints.fr\/?page_id=374\" \/>\n<meta property=\"og:site_name\" content=\"Graines de saints\" \/>\n<meta property=\"article:modified_time\" content=\"2021-09-30T19:20:33+00:00\" \/>\n<meta property=\"og:image\" content=\"https:\/\/www.grainesdesaints.fr\/wp-content\/uploads\/2013\/04\/Vanb-300x224.jpg\" \/>\n<script type=\"application\/ld+json\" class=\"yoast-schema-graph\">{\"@context\":\"https:\\\/\\\/schema.org\",\"@graph\":[{\"@type\":\"WebPage\",\"@id\":\"https:\\\/\\\/www.grainesdesaints.fr\\\/?page_id=374\",\"url\":\"https:\\\/\\\/www.grainesdesaints.fr\\\/?page_id=374\",\"name\":\"Contact - Graines de saints\",\"isPartOf\":{\"@id\":\"https:\\\/\\\/www.grainesdesaints.fr\\\/#website\"},\"primaryImageOfPage\":{\"@id\":\"https:\\\/\\\/www.grainesdesaints.fr\\\/?page_id=374#primaryimage\"},\"image\":{\"@id\":\"https:\\\/\\\/www.grainesdesaints.fr\\\/?page_id=374#primaryimage\"},\"thumbnailUrl\":\"https:\\\/\\\/www.grainesdesaints.fr\\\/wp-content\\\/uploads\\\/2013\\\/04\\\/Vanb-300x224.jpg\",\"datePublished\":\"2013-01-17T21:57:40+00:00\",\"dateModified\":\"2021-09-30T19:20:33+00:00\",\"breadcrumb\":{\"@id\":\"https:\\\/\\\/www.grainesdesaints.fr\\\/?page_id=374#breadcrumb\"},\"inLanguage\":\"fr-FR\",\"potentialAction\":[{\"@type\":\"ReadAction\",\"target\":[\"https:\\\/\\\/www.grainesdesaints.fr\\\/?page_id=374\"]}]},{\"@type\":\"ImageObject\",\"inLanguage\":\"fr-FR\",\"@id\":\"https:\\\/\\\/www.grainesdesaints.fr\\\/?page_id=374#primaryimage\",\"url\":\"https:\\\/\\\/www.grainesdesaints.fr\\\/wp-content\\\/uploads\\\/2013\\\/04\\\/Vanb.jpg\",\"contentUrl\":\"https:\\\/\\\/www.grainesdesaints.fr\\\/wp-content\\\/uploads\\\/2013\\\/04\\\/Vanb.jpg\",\"width\":3424,\"height\":2567},{\"@type\":\"BreadcrumbList\",\"@id\":\"https:\\\/\\\/www.grainesdesaints.fr\\\/?page_id=374#breadcrumb\",\"itemListElement\":[{\"@type\":\"ListItem\",\"position\":1,\"name\":\"Qui sommes-nous ?\",\"item\":\"https:\\\/\\\/www.grainesdesaints.fr\\\/?page_id=348\"},{\"@type\":\"ListItem\",\"position\":2,\"name\":\"Contact\"}]},{\"@type\":\"WebSite\",\"@id\":\"https:\\\/\\\/www.grainesdesaints.fr\\\/#website\",\"url\":\"https:\\\/\\\/www.grainesdesaints.fr\\\/\",\"name\":\"Graines de saints\",\"description\":\"La vie des saints pour les 4-10 ans\",\"potentialAction\":[{\"@type\":\"SearchAction\",\"target\":{\"@type\":\"EntryPoint\",\"urlTemplate\":\"https:\\\/\\\/www.grainesdesaints.fr\\\/?s={search_term_string}\"},\"query-input\":{\"@type\":\"PropertyValueSpecification\",\"valueRequired\":true,\"valueName\":\"search_term_string\"}}],\"inLanguage\":\"fr-FR\"}]}<\/script>\n<!-- \/ Yoast SEO plugin. -->","yoast_head_json":{"title":"Contact - Graines de saints","robots":{"index":"index","follow":"follow","max-snippet":"max-snippet:-1","max-image-preview":"max-image-preview:large","max-video-preview":"max-video-preview:-1"},"canonical":"https:\/\/www.grainesdesaints.fr\/?page_id=374","og_locale":"fr_FR","og_type":"article","og_title":"Contact - Graines de saints","og_description":"Libraire&nbsp;? Si vous souhaitez organiser une signature, une rencontre, des animations pour faire conna\u00eetre le message de Van aux enfants, vous pouvez contacter Mathilde de Chefdebien : . Journaliste&nbsp;? Si vous souhaitez recevoir un exemplaire (service de presse), organiser une interview, renseignez-vous aupr\u00e8s de Mathilde de Chefdebien : . Service apr\u00e8s vente ? Si vous &hellip; Continuer la lecture &raquo;","og_url":"https:\/\/www.grainesdesaints.fr\/?page_id=374","og_site_name":"Graines de saints","article_modified_time":"2021-09-30T19:20:33+00:00","og_image":[{"url":"https:\/\/www.grainesdesaints.fr\/wp-content\/uploads\/2013\/04\/Vanb-300x224.jpg","type":"","width":"","height":""}],"schema":{"@context":"https:\/\/schema.org","@graph":[{"@type":"WebPage","@id":"https:\/\/www.grainesdesaints.fr\/?page_id=374","url":"https:\/\/www.grainesdesaints.fr\/?page_id=374","name":"Contact - Graines de saints","isPartOf":{"@id":"https:\/\/www.grainesdesaints.fr\/#website"},"primaryImageOfPage":{"@id":"https:\/\/www.grainesdesaints.fr\/?page_id=374#primaryimage"},"image":{"@id":"https:\/\/www.grainesdesaints.fr\/?page_id=374#primaryimage"},"thumbnailUrl":"https:\/\/www.grainesdesaints.fr\/wp-content\/uploads\/2013\/04\/Vanb-300x224.jpg","datePublished":"2013-01-17T21:57:40+00:00","dateModified":"2021-09-30T19:20:33+00:00","breadcrumb":{"@id":"https:\/\/www.grainesdesaints.fr\/?page_id=374#breadcrumb"},"inLanguage":"fr-FR","potentialAction":[{"@type":"ReadAction","target":["https:\/\/www.grainesdesaints.fr\/?page_id=374"]}]},{"@type":"ImageObject","inLanguage":"fr-FR","@id":"https:\/\/www.grainesdesaints.fr\/?page_id=374#primaryimage","url":"https:\/\/www.grainesdesaints.fr\/wp-content\/uploads\/2013\/04\/Vanb.jpg","contentUrl":"https:\/\/www.grainesdesaints.fr\/wp-content\/uploads\/2013\/04\/Vanb.jpg","width":3424,"height":2567},{"@type":"BreadcrumbList","@id":"https:\/\/www.grainesdesaints.fr\/?page_id=374#breadcrumb","itemListElement":[{"@type":"ListItem","position":1,"name":"Qui sommes-nous ?","item":"https:\/\/www.grainesdesaints.fr\/?page_id=348"},{"@type":"ListItem","position":2,"name":"Contact"}]},{"@type":"WebSite","@id":"https:\/\/www.grainesdesaints.fr\/#website","url":"https:\/\/www.grainesdesaints.fr\/","name":"Graines de saints","description":"La vie des saints pour les 4-10 ans","potentialAction":[{"@type":"SearchAction","target":{"@type":"EntryPoint","urlTemplate":"https:\/\/www.grainesdesaints.fr\/?s={search_term_string}"},"query-input":{"@type":"PropertyValueSpecification","valueRequired":true,"valueName":"search_term_string"}}],"inLanguage":"fr-FR"}]}},"jetpack_shortlink":"https:\/\/wp.me\/P3sQ0b-62","jetpack_sharing_enabled":false,"_links":{"self":[{"href":"https:\/\/www.grainesdesaints.fr\/index.php?rest_route=\/wp\/v2\/pages\/374","targetHints":{"allow":["GET"]}}],"collection":[{"href":"https:\/\/www.grainesdesaints.fr\/index.php?rest_route=\/wp\/v2\/pages"}],"about":[{"href":"https:\/\/www.grainesdesaints.fr\/index.php?rest_route=\/wp\/v2\/types\/page"}],"author":[{"embeddable":true,"href":"https:\/\/www.grainesdesaints.fr\/index.php?rest_route=\/wp\/v2\/users\/2"}],"replies":[{"embeddable":true,"href":"https:\/\/www.grainesdesaints.fr\/index.php?rest_route=%2Fwp%2Fv2%2Fcomments&post=374"}],"version-history":[{"count":20,"href":"https:\/\/www.grainesdesaints.fr\/index.php?rest_route=\/wp\/v2\/pages\/374\/revisions"}],"predecessor-version":[{"id":14199,"href":"https:\/\/www.grainesdesaints.fr\/index.php?rest_route=\/wp\/v2\/pages\/374\/revisions\/14199"}],"up":[{"embeddable":true,"href":"https:\/\/www.grainesdesaints.fr\/index.php?rest_route=\/wp\/v2\/pages\/348"}],"wp:attachment":[{"href":"https:\/\/www.grainesdesaints.fr\/index.php?rest_route=%2Fwp%2Fv2%2Fmedia&parent=374"}],"curies":[{"name":"wp","href":"https:\/\/api.w.org\/{rel}","templated":true}]}}