{"id":50,"date":"2012-12-07T22:39:25","date_gmt":"2012-12-07T22:39:25","guid":{"rendered":"http:\/\/petitsaint.wordpress.com\/?page_id=50"},"modified":"2020-05-20T16:16:52","modified_gmt":"2020-05-20T15:16:52","slug":"par-ici-les-enfants","status":"publish","type":"page","link":"https:\/\/www.grainesdesaints.fr\/?page_id=50","title":{"rendered":"Par ici les enfants !"},"content":{"rendered":"<p style=\"padding-left: 30px; text-align: justify;\"><img loading=\"lazy\" decoding=\"async\" data-attachment-id=\"911\" data-permalink=\"https:\/\/www.grainesdesaints.fr\/?attachment_id=911\" data-orig-file=\"https:\/\/www.grainesdesaints.fr\/wp-content\/uploads\/2013\/04\/van12c.jpg\" data-orig-size=\"1353,1500\" data-comments-opened=\"0\" data-image-meta=\"{&quot;aperture&quot;:&quot;0&quot;,&quot;credit&quot;:&quot;&quot;,&quot;camera&quot;:&quot;&quot;,&quot;caption&quot;:&quot;&quot;,&quot;created_timestamp&quot;:&quot;0&quot;,&quot;copyright&quot;:&quot;&quot;,&quot;focal_length&quot;:&quot;0&quot;,&quot;iso&quot;:&quot;0&quot;,&quot;shutter_speed&quot;:&quot;0&quot;,&quot;title&quot;:&quot;&quot;}\" data-image-title=\"van12c\" data-image-description=\"\" data-image-caption=\"\" data-large-file=\"https:\/\/www.grainesdesaints.fr\/wp-content\/uploads\/2013\/04\/van12c-923x1024.jpg\" class=\" wp-image-911 alignleft\" src=\"https:\/\/www.grainesdesaints.fr\/wp-content\/uploads\/2013\/04\/van12c-270x300.jpg\" alt=\"van12c\" width=\"243\" height=\"270\" srcset=\"https:\/\/www.grainesdesaints.fr\/wp-content\/uploads\/2013\/04\/van12c-270x300.jpg 270w, https:\/\/www.grainesdesaints.fr\/wp-content\/uploads\/2013\/04\/van12c-923x1024.jpg 923w, https:\/\/www.grainesdesaints.fr\/wp-content\/uploads\/2013\/04\/van12c.jpg 1353w\" sizes=\"auto, (max-width: 243px) 100vw, 243px\" \/>Sur ce site, tu peux <a href=\"https:\/\/www.grainesdesaints.fr\/?page_id=57\" target=\"_blank\">jouer avec Van<\/a> en r\u00e9pondant \u00e0 un quiz, chanter avec Th\u00e9r\u00e8se et tous les saints en d\u00e9couvrant la chanson <a href=\"https:\/\/www.grainesdesaints.fr\/?page_id=69\" target=\"_blank\">\u00ab\u00a0Tous saints\u00a0\u00bb<\/a>, ou encore <a href=\"https:\/\/www.grainesdesaints.fr\/?page_id=55\" target=\"_blank\">t\u00e9l\u00e9charger des fonds d&rsquo;\u00e9cran<\/a> qui t&rsquo;aideront \u00e0 penser \u00e0 Van et \u00e0 J\u00e9sus&#8230;<\/p>\n<p style=\"padding-left: 30px; text-align: justify;\">Tu peux aussi <a href=\"https:\/\/www.grainesdesaints.fr\/?page_id=48\" target=\"_blank\">imprimer une petite pri\u00e8re<\/a> pour demander \u00e0 Van de t&rsquo;aider \u00e0 \u00eatre saint(e) !<\/p>\n","protected":false},"excerpt":{"rendered":"<p>Sur ce site, tu peux jouer avec Van en r\u00e9pondant \u00e0 un quiz, chanter avec Th\u00e9r\u00e8se et tous les saints en d\u00e9couvrant la chanson \u00ab\u00a0Tous saints\u00a0\u00bb, ou encore t\u00e9l\u00e9charger des fonds d&rsquo;\u00e9cran qui t&rsquo;aideront \u00e0 penser \u00e0 Van et \u00e0 J\u00e9sus&#8230; Tu peux aussi imprimer une petite pri\u00e8re pour demander \u00e0 Van de t&rsquo;aider \u00e0 &hellip; <a class=\"read-excerpt\" href=\"https:\/\/www.grainesdesaints.fr\/?page_id=50\">Continuer la lecture <span class=\"meta-nav\">&raquo;<\/span><\/a><\/p>\n","protected":false},"author":1,"featured_media":0,"parent":0,"menu_order":5,"comment_status":"closed","ping_status":"closed","template":"","meta":{"jetpack_post_was_ever_published":false,"footnotes":""},"class_list":["post-50","page","type-page","status-publish","hentry"],"yoast_head":"<!-- This site is optimized with the Yoast SEO plugin v27.4 - https:\/\/yoast.com\/product\/yoast-seo-wordpress\/ -->\n<title>Par ici les enfants ! - Graines de saints<\/title>\n<meta name=\"robots\" content=\"index, follow, max-snippet:-1, max-image-preview:large, max-video-preview:-1\" \/>\n<link rel=\"canonical\" href=\"https:\/\/www.grainesdesaints.fr\/?page_id=50\" \/>\n<meta property=\"og:locale\" content=\"fr_FR\" \/>\n<meta property=\"og:type\" content=\"article\" \/>\n<meta property=\"og:title\" content=\"Par ici les enfants ! - Graines de saints\" \/>\n<meta property=\"og:description\" content=\"Sur ce site, tu peux jouer avec Van en r\u00e9pondant \u00e0 un quiz, chanter avec Th\u00e9r\u00e8se et tous les saints en d\u00e9couvrant la chanson \u00ab\u00a0Tous saints\u00a0\u00bb, ou encore t\u00e9l\u00e9charger des fonds d&rsquo;\u00e9cran qui t&rsquo;aideront \u00e0 penser \u00e0 Van et \u00e0 J\u00e9sus&#8230; Tu peux aussi imprimer une petite pri\u00e8re pour demander \u00e0 Van de t&rsquo;aider \u00e0 &hellip; Continuer la lecture &raquo;\" \/>\n<meta property=\"og:url\" content=\"https:\/\/www.grainesdesaints.fr\/?page_id=50\" \/>\n<meta property=\"og:site_name\" content=\"Graines de saints\" \/>\n<meta property=\"article:modified_time\" content=\"2020-05-20T15:16:52+00:00\" \/>\n<meta property=\"og:image\" content=\"https:\/\/www.grainesdesaints.fr\/wp-content\/uploads\/2013\/04\/van12c-270x300.jpg\" \/>\n<script type=\"application\/ld+json\" class=\"yoast-schema-graph\">{\"@context\":\"https:\\\/\\\/schema.org\",\"@graph\":[{\"@type\":\"WebPage\",\"@id\":\"https:\\\/\\\/www.grainesdesaints.fr\\\/?page_id=50\",\"url\":\"https:\\\/\\\/www.grainesdesaints.fr\\\/?page_id=50\",\"name\":\"Par ici les enfants ! - Graines de saints\",\"isPartOf\":{\"@id\":\"https:\\\/\\\/www.grainesdesaints.fr\\\/#website\"},\"primaryImageOfPage\":{\"@id\":\"https:\\\/\\\/www.grainesdesaints.fr\\\/?page_id=50#primaryimage\"},\"image\":{\"@id\":\"https:\\\/\\\/www.grainesdesaints.fr\\\/?page_id=50#primaryimage\"},\"thumbnailUrl\":\"https:\\\/\\\/www.grainesdesaints.fr\\\/wp-content\\\/uploads\\\/2013\\\/04\\\/van12c-270x300.jpg\",\"datePublished\":\"2012-12-07T22:39:25+00:00\",\"dateModified\":\"2020-05-20T15:16:52+00:00\",\"inLanguage\":\"fr-FR\",\"potentialAction\":[{\"@type\":\"ReadAction\",\"target\":[\"https:\\\/\\\/www.grainesdesaints.fr\\\/?page_id=50\"]}]},{\"@type\":\"ImageObject\",\"inLanguage\":\"fr-FR\",\"@id\":\"https:\\\/\\\/www.grainesdesaints.fr\\\/?page_id=50#primaryimage\",\"url\":\"https:\\\/\\\/www.grainesdesaints.fr\\\/wp-content\\\/uploads\\\/2013\\\/04\\\/van12c.jpg\",\"contentUrl\":\"https:\\\/\\\/www.grainesdesaints.fr\\\/wp-content\\\/uploads\\\/2013\\\/04\\\/van12c.jpg\",\"width\":1353,\"height\":1500},{\"@type\":\"WebSite\",\"@id\":\"https:\\\/\\\/www.grainesdesaints.fr\\\/#website\",\"url\":\"https:\\\/\\\/www.grainesdesaints.fr\\\/\",\"name\":\"Graines de saints\",\"description\":\"La vie des saints pour les 4-10 ans\",\"potentialAction\":[{\"@type\":\"SearchAction\",\"target\":{\"@type\":\"EntryPoint\",\"urlTemplate\":\"https:\\\/\\\/www.grainesdesaints.fr\\\/?s={search_term_string}\"},\"query-input\":{\"@type\":\"PropertyValueSpecification\",\"valueRequired\":true,\"valueName\":\"search_term_string\"}}],\"inLanguage\":\"fr-FR\"}]}<\/script>\n<!-- \/ Yoast SEO plugin. -->","yoast_head_json":{"title":"Par ici les enfants ! - Graines de saints","robots":{"index":"index","follow":"follow","max-snippet":"max-snippet:-1","max-image-preview":"max-image-preview:large","max-video-preview":"max-video-preview:-1"},"canonical":"https:\/\/www.grainesdesaints.fr\/?page_id=50","og_locale":"fr_FR","og_type":"article","og_title":"Par ici les enfants ! - Graines de saints","og_description":"Sur ce site, tu peux jouer avec Van en r\u00e9pondant \u00e0 un quiz, chanter avec Th\u00e9r\u00e8se et tous les saints en d\u00e9couvrant la chanson \u00ab\u00a0Tous saints\u00a0\u00bb, ou encore t\u00e9l\u00e9charger des fonds d&rsquo;\u00e9cran qui t&rsquo;aideront \u00e0 penser \u00e0 Van et \u00e0 J\u00e9sus&#8230; Tu peux aussi imprimer une petite pri\u00e8re pour demander \u00e0 Van de t&rsquo;aider \u00e0 &hellip; Continuer la lecture &raquo;","og_url":"https:\/\/www.grainesdesaints.fr\/?page_id=50","og_site_name":"Graines de saints","article_modified_time":"2020-05-20T15:16:52+00:00","og_image":[{"url":"https:\/\/www.grainesdesaints.fr\/wp-content\/uploads\/2013\/04\/van12c-270x300.jpg","type":"","width":"","height":""}],"schema":{"@context":"https:\/\/schema.org","@graph":[{"@type":"WebPage","@id":"https:\/\/www.grainesdesaints.fr\/?page_id=50","url":"https:\/\/www.grainesdesaints.fr\/?page_id=50","name":"Par ici les enfants ! - Graines de saints","isPartOf":{"@id":"https:\/\/www.grainesdesaints.fr\/#website"},"primaryImageOfPage":{"@id":"https:\/\/www.grainesdesaints.fr\/?page_id=50#primaryimage"},"image":{"@id":"https:\/\/www.grainesdesaints.fr\/?page_id=50#primaryimage"},"thumbnailUrl":"https:\/\/www.grainesdesaints.fr\/wp-content\/uploads\/2013\/04\/van12c-270x300.jpg","datePublished":"2012-12-07T22:39:25+00:00","dateModified":"2020-05-20T15:16:52+00:00","inLanguage":"fr-FR","potentialAction":[{"@type":"ReadAction","target":["https:\/\/www.grainesdesaints.fr\/?page_id=50"]}]},{"@type":"ImageObject","inLanguage":"fr-FR","@id":"https:\/\/www.grainesdesaints.fr\/?page_id=50#primaryimage","url":"https:\/\/www.grainesdesaints.fr\/wp-content\/uploads\/2013\/04\/van12c.jpg","contentUrl":"https:\/\/www.grainesdesaints.fr\/wp-content\/uploads\/2013\/04\/van12c.jpg","width":1353,"height":1500},{"@type":"WebSite","@id":"https:\/\/www.grainesdesaints.fr\/#website","url":"https:\/\/www.grainesdesaints.fr\/","name":"Graines de saints","description":"La vie des saints pour les 4-10 ans","potentialAction":[{"@type":"SearchAction","target":{"@type":"EntryPoint","urlTemplate":"https:\/\/www.grainesdesaints.fr\/?s={search_term_string}"},"query-input":{"@type":"PropertyValueSpecification","valueRequired":true,"valueName":"search_term_string"}}],"inLanguage":"fr-FR"}]}},"jetpack_shortlink":"https:\/\/wp.me\/P3sQ0b-O","jetpack_sharing_enabled":true,"_links":{"self":[{"href":"https:\/\/www.grainesdesaints.fr\/index.php?rest_route=\/wp\/v2\/pages\/50","targetHints":{"allow":["GET"]}}],"collection":[{"href":"https:\/\/www.grainesdesaints.fr\/index.php?rest_route=\/wp\/v2\/pages"}],"about":[{"href":"https:\/\/www.grainesdesaints.fr\/index.php?rest_route=\/wp\/v2\/types\/page"}],"author":[{"embeddable":true,"href":"https:\/\/www.grainesdesaints.fr\/index.php?rest_route=\/wp\/v2\/users\/1"}],"replies":[{"embeddable":true,"href":"https:\/\/www.grainesdesaints.fr\/index.php?rest_route=%2Fwp%2Fv2%2Fcomments&post=50"}],"version-history":[{"count":5,"href":"https:\/\/www.grainesdesaints.fr\/index.php?rest_route=\/wp\/v2\/pages\/50\/revisions"}],"predecessor-version":[{"id":8611,"href":"https:\/\/www.grainesdesaints.fr\/index.php?rest_route=\/wp\/v2\/pages\/50\/revisions\/8611"}],"wp:attachment":[{"href":"https:\/\/www.grainesdesaints.fr\/index.php?rest_route=%2Fwp%2Fv2%2Fmedia&parent=50"}],"curies":[{"name":"wp","href":"https:\/\/api.w.org\/{rel}","templated":true}]}}