{"id":559,"date":"2013-03-07T18:31:53","date_gmt":"2013-03-07T17:31:53","guid":{"rendered":"http:\/\/localhost:8888\/wordpress\/?page_id=559"},"modified":"2013-05-03T09:23:03","modified_gmt":"2013-05-03T08:23:03","slug":"merci-pour-votre-achat","status":"publish","type":"page","link":"https:\/\/www.grainesdesaints.fr\/?page_id=559","title":{"rendered":"Merci pour votre achat !"},"content":{"rendered":"<p>La collection \u00ab\u00a0Graines de Saints\u00a0\u00bb vous remercie de votre achat !<\/p>\n<p class=\"edd-alert edd-alert-error\">D\u00e9sol\u00e9, probl\u00e8me de r\u00e9cup\u00e9ration du re\u00e7u de commande.<\/p>\n","protected":false},"excerpt":{"rendered":"<p>La collection \u00ab\u00a0Graines de Saints\u00a0\u00bb vous remercie de votre achat !<\/p>\n","protected":false},"author":1,"featured_media":0,"parent":628,"menu_order":1,"comment_status":"closed","ping_status":"closed","template":"template-onecol.php","meta":{"jetpack_post_was_ever_published":false,"footnotes":""},"class_list":["post-559","page","type-page","status-publish","hentry"],"yoast_head":"<!-- This site is optimized with the Yoast SEO plugin v27.4 - https:\/\/yoast.com\/product\/yoast-seo-wordpress\/ -->\n<title>Merci pour votre achat ! - Graines de saints<\/title>\n<meta name=\"robots\" content=\"index, follow, max-snippet:-1, max-image-preview:large, max-video-preview:-1\" \/>\n<link rel=\"canonical\" href=\"https:\/\/www.grainesdesaints.fr\/?page_id=559\" \/>\n<meta property=\"og:locale\" content=\"fr_FR\" \/>\n<meta property=\"og:type\" content=\"article\" \/>\n<meta property=\"og:title\" content=\"Merci pour votre achat ! - Graines de saints\" \/>\n<meta property=\"og:description\" content=\"La collection \u00ab\u00a0Graines de Saints\u00a0\u00bb vous remercie de votre achat !\" \/>\n<meta property=\"og:url\" content=\"https:\/\/www.grainesdesaints.fr\/?page_id=559\" \/>\n<meta property=\"og:site_name\" content=\"Graines de saints\" \/>\n<meta property=\"article:modified_time\" content=\"2013-05-03T08:23:03+00:00\" \/>\n<script type=\"application\/ld+json\" class=\"yoast-schema-graph\">{\"@context\":\"https:\\\/\\\/schema.org\",\"@graph\":[{\"@type\":\"WebPage\",\"@id\":\"https:\\\/\\\/www.grainesdesaints.fr\\\/?page_id=559\",\"url\":\"https:\\\/\\\/www.grainesdesaints.fr\\\/?page_id=559\",\"name\":\"Merci pour votre achat ! - Graines de saints\",\"isPartOf\":{\"@id\":\"https:\\\/\\\/www.grainesdesaints.fr\\\/#website\"},\"datePublished\":\"2013-03-07T17:31:53+00:00\",\"dateModified\":\"2013-05-03T08:23:03+00:00\",\"breadcrumb\":{\"@id\":\"https:\\\/\\\/www.grainesdesaints.fr\\\/?page_id=559#breadcrumb\"},\"inLanguage\":\"fr-FR\",\"potentialAction\":[{\"@type\":\"ReadAction\",\"target\":[\"https:\\\/\\\/www.grainesdesaints.fr\\\/?page_id=559\"]}]},{\"@type\":\"BreadcrumbList\",\"@id\":\"https:\\\/\\\/www.grainesdesaints.fr\\\/?page_id=559#breadcrumb\",\"itemListElement\":[{\"@type\":\"ListItem\",\"position\":1,\"name\":\"Les chants\",\"item\":\"https:\\\/\\\/www.grainesdesaints.fr\\\/?page_id=1455\"},{\"@type\":\"ListItem\",\"position\":2,\"name\":\"Panier d&rsquo;achat\",\"item\":\"https:\\\/\\\/www.grainesdesaints.fr\\\/?page_id=628\"},{\"@type\":\"ListItem\",\"position\":3,\"name\":\"Merci pour votre achat !\"}]},{\"@type\":\"WebSite\",\"@id\":\"https:\\\/\\\/www.grainesdesaints.fr\\\/#website\",\"url\":\"https:\\\/\\\/www.grainesdesaints.fr\\\/\",\"name\":\"Graines de saints\",\"description\":\"La vie des saints pour les 4-10 ans\",\"potentialAction\":[{\"@type\":\"SearchAction\",\"target\":{\"@type\":\"EntryPoint\",\"urlTemplate\":\"https:\\\/\\\/www.grainesdesaints.fr\\\/?s={search_term_string}\"},\"query-input\":{\"@type\":\"PropertyValueSpecification\",\"valueRequired\":true,\"valueName\":\"search_term_string\"}}],\"inLanguage\":\"fr-FR\"}]}<\/script>\n<!-- \/ Yoast SEO plugin. -->","yoast_head_json":{"title":"Merci pour votre achat ! - Graines de saints","robots":{"index":"index","follow":"follow","max-snippet":"max-snippet:-1","max-image-preview":"max-image-preview:large","max-video-preview":"max-video-preview:-1"},"canonical":"https:\/\/www.grainesdesaints.fr\/?page_id=559","og_locale":"fr_FR","og_type":"article","og_title":"Merci pour votre achat ! - Graines de saints","og_description":"La collection \u00ab\u00a0Graines de Saints\u00a0\u00bb vous remercie de votre achat !","og_url":"https:\/\/www.grainesdesaints.fr\/?page_id=559","og_site_name":"Graines de saints","article_modified_time":"2013-05-03T08:23:03+00:00","schema":{"@context":"https:\/\/schema.org","@graph":[{"@type":"WebPage","@id":"https:\/\/www.grainesdesaints.fr\/?page_id=559","url":"https:\/\/www.grainesdesaints.fr\/?page_id=559","name":"Merci pour votre achat ! - Graines de saints","isPartOf":{"@id":"https:\/\/www.grainesdesaints.fr\/#website"},"datePublished":"2013-03-07T17:31:53+00:00","dateModified":"2013-05-03T08:23:03+00:00","breadcrumb":{"@id":"https:\/\/www.grainesdesaints.fr\/?page_id=559#breadcrumb"},"inLanguage":"fr-FR","potentialAction":[{"@type":"ReadAction","target":["https:\/\/www.grainesdesaints.fr\/?page_id=559"]}]},{"@type":"BreadcrumbList","@id":"https:\/\/www.grainesdesaints.fr\/?page_id=559#breadcrumb","itemListElement":[{"@type":"ListItem","position":1,"name":"Les chants","item":"https:\/\/www.grainesdesaints.fr\/?page_id=1455"},{"@type":"ListItem","position":2,"name":"Panier d&rsquo;achat","item":"https:\/\/www.grainesdesaints.fr\/?page_id=628"},{"@type":"ListItem","position":3,"name":"Merci pour votre achat !"}]},{"@type":"WebSite","@id":"https:\/\/www.grainesdesaints.fr\/#website","url":"https:\/\/www.grainesdesaints.fr\/","name":"Graines de saints","description":"La vie des saints pour les 4-10 ans","potentialAction":[{"@type":"SearchAction","target":{"@type":"EntryPoint","urlTemplate":"https:\/\/www.grainesdesaints.fr\/?s={search_term_string}"},"query-input":{"@type":"PropertyValueSpecification","valueRequired":true,"valueName":"search_term_string"}}],"inLanguage":"fr-FR"}]}},"jetpack_shortlink":"https:\/\/wp.me\/P3sQ0b-91","jetpack_sharing_enabled":false,"_links":{"self":[{"href":"https:\/\/www.grainesdesaints.fr\/index.php?rest_route=\/wp\/v2\/pages\/559","targetHints":{"allow":["GET"]}}],"collection":[{"href":"https:\/\/www.grainesdesaints.fr\/index.php?rest_route=\/wp\/v2\/pages"}],"about":[{"href":"https:\/\/www.grainesdesaints.fr\/index.php?rest_route=\/wp\/v2\/types\/page"}],"author":[{"embeddable":true,"href":"https:\/\/www.grainesdesaints.fr\/index.php?rest_route=\/wp\/v2\/users\/1"}],"replies":[{"embeddable":true,"href":"https:\/\/www.grainesdesaints.fr\/index.php?rest_route=%2Fwp%2Fv2%2Fcomments&post=559"}],"version-history":[{"count":7,"href":"https:\/\/www.grainesdesaints.fr\/index.php?rest_route=\/wp\/v2\/pages\/559\/revisions"}],"predecessor-version":[{"id":795,"href":"https:\/\/www.grainesdesaints.fr\/index.php?rest_route=\/wp\/v2\/pages\/559\/revisions\/795"}],"up":[{"embeddable":true,"href":"https:\/\/www.grainesdesaints.fr\/index.php?rest_route=\/wp\/v2\/pages\/628"}],"wp:attachment":[{"href":"https:\/\/www.grainesdesaints.fr\/index.php?rest_route=%2Fwp%2Fv2%2Fmedia&parent=559"}],"curies":[{"name":"wp","href":"https:\/\/api.w.org\/{rel}","templated":true}]}}