{"id":628,"date":"2013-04-16T12:16:12","date_gmt":"2013-04-16T11:16:12","guid":{"rendered":"https:\/\/ji1srvbmrkp.preview.infomaniak.website\/wordpress\/?page_id=628"},"modified":"2024-05-15T21:07:03","modified_gmt":"2024-05-15T20:07:03","slug":"commander","status":"publish","type":"page","link":"https:\/\/www.grainesdesaints.fr\/?page_id=628","title":{"rendered":"Panier d&rsquo;achat"},"content":{"rendered":"<p><span style=\"color: #4f0606;\"><em><strong>\ud83d\udca1 Informations importantes :<\/strong><\/em><\/span><\/p>\n<ul>\n<li><em><span style=\"color: #4f0606;\">Le paiement est trait\u00e9 par PayPal, mais <strong>il n&rsquo;est pas n\u00e9cessaire d&rsquo;avoir un compte PayPal pour r\u00e9gler<\/strong>. Il est possible de choisir une option \u00ab\u00a0Payer par carte bancaire\u00a0\u00bb, qui permet d&rsquo;\u00e9viter de cr\u00e9er ou d&rsquo;utiliser un compte PayPal.<\/span><\/em><\/li>\n<li><em><span style=\"color: #4f0606;\">Juste apr\u00e8s le paiement, sur la page de confirmation de paiement de PayPal, il vous faudra cliquer sur le bouton <strong><span style=\"color: #3366ff;\">\u00ab\u00a0Retourner sur le site marchand\u00a0\u00bb <\/span><\/strong>pour acc\u00e9der au(x) lien(s) de t\u00e9l\u00e9chargement de la (des) partition(s).<\/span><\/em><\/li>\n<li><em><span style=\"color: #4f0606;\">Vous recevrez \u00e9galement le(s) lien(s) de t\u00e9l\u00e9chargement par mail. Si vous ne recevez pas de mail, pensez \u00e0 v\u00e9rifier vos courriers ind\u00e9sirables (\u00ab\u00a0spams\u00a0\u00bb).<\/span><\/em><\/li>\n<\/ul>\n<hr \/>\n<div id=\"edd_checkout_wrap\"><span class=\"edd_empty_cart\">Votre panier est vide.<\/span><\/div><!--end #edd_checkout_wrap-->\n","protected":false},"excerpt":{"rendered":"<p>\ud83d\udca1 Informations importantes : Le paiement est trait\u00e9 par PayPal, mais il n&rsquo;est pas n\u00e9cessaire d&rsquo;avoir un compte PayPal pour r\u00e9gler. Il est possible de choisir une option \u00ab\u00a0Payer par carte bancaire\u00a0\u00bb, qui permet d&rsquo;\u00e9viter de cr\u00e9er ou d&rsquo;utiliser un compte PayPal. Juste apr\u00e8s le paiement, sur la page de confirmation de paiement de PayPal, &hellip; <a class=\"read-excerpt\" href=\"https:\/\/www.grainesdesaints.fr\/?page_id=628\">Continuer la lecture <span class=\"meta-nav\">&raquo;<\/span><\/a><\/p>\n","protected":false},"author":1,"featured_media":0,"parent":1455,"menu_order":3,"comment_status":"closed","ping_status":"closed","template":"","meta":{"jetpack_post_was_ever_published":false,"footnotes":""},"class_list":["post-628","page","type-page","status-publish","hentry"],"yoast_head":"<!-- This site is optimized with the Yoast SEO plugin v27.4 - https:\/\/yoast.com\/product\/yoast-seo-wordpress\/ -->\n<title>Panier d&#039;achat - Graines de saints<\/title>\n<meta name=\"robots\" content=\"index, follow, max-snippet:-1, max-image-preview:large, max-video-preview:-1\" \/>\n<link rel=\"canonical\" href=\"https:\/\/www.grainesdesaints.fr\/?page_id=628\" \/>\n<meta property=\"og:locale\" content=\"fr_FR\" \/>\n<meta property=\"og:type\" content=\"article\" \/>\n<meta property=\"og:title\" content=\"Panier d&#039;achat - Graines de saints\" \/>\n<meta property=\"og:description\" content=\"\ud83d\udca1 Informations importantes : Le paiement est trait\u00e9 par PayPal, mais il n&rsquo;est pas n\u00e9cessaire d&rsquo;avoir un compte PayPal pour r\u00e9gler. Il est possible de choisir une option \u00ab\u00a0Payer par carte bancaire\u00a0\u00bb, qui permet d&rsquo;\u00e9viter de cr\u00e9er ou d&rsquo;utiliser un compte PayPal. Juste apr\u00e8s le paiement, sur la page de confirmation de paiement de PayPal, &hellip; Continuer la lecture &raquo;\" \/>\n<meta property=\"og:url\" content=\"https:\/\/www.grainesdesaints.fr\/?page_id=628\" \/>\n<meta property=\"og:site_name\" content=\"Graines de saints\" \/>\n<meta property=\"article:modified_time\" content=\"2024-05-15T20:07:03+00:00\" \/>\n<meta name=\"twitter:label1\" content=\"Dur\u00e9e de lecture estim\u00e9e\" \/>\n\t<meta name=\"twitter:data1\" content=\"1 minute\" \/>\n<script type=\"application\/ld+json\" class=\"yoast-schema-graph\">{\"@context\":\"https:\\\/\\\/schema.org\",\"@graph\":[{\"@type\":\"WebPage\",\"@id\":\"https:\\\/\\\/www.grainesdesaints.fr\\\/?page_id=628\",\"url\":\"https:\\\/\\\/www.grainesdesaints.fr\\\/?page_id=628\",\"name\":\"Panier d'achat - Graines de saints\",\"isPartOf\":{\"@id\":\"https:\\\/\\\/www.grainesdesaints.fr\\\/#website\"},\"datePublished\":\"2013-04-16T11:16:12+00:00\",\"dateModified\":\"2024-05-15T20:07:03+00:00\",\"breadcrumb\":{\"@id\":\"https:\\\/\\\/www.grainesdesaints.fr\\\/?page_id=628#breadcrumb\"},\"inLanguage\":\"fr-FR\",\"potentialAction\":[{\"@type\":\"ReadAction\",\"target\":[\"https:\\\/\\\/www.grainesdesaints.fr\\\/?page_id=628\"]}]},{\"@type\":\"BreadcrumbList\",\"@id\":\"https:\\\/\\\/www.grainesdesaints.fr\\\/?page_id=628#breadcrumb\",\"itemListElement\":[{\"@type\":\"ListItem\",\"position\":1,\"name\":\"Les chants\",\"item\":\"https:\\\/\\\/www.grainesdesaints.fr\\\/?page_id=1455\"},{\"@type\":\"ListItem\",\"position\":2,\"name\":\"Panier d&rsquo;achat\"}]},{\"@type\":\"WebSite\",\"@id\":\"https:\\\/\\\/www.grainesdesaints.fr\\\/#website\",\"url\":\"https:\\\/\\\/www.grainesdesaints.fr\\\/\",\"name\":\"Graines de saints\",\"description\":\"La vie des saints pour les 4-10 ans\",\"potentialAction\":[{\"@type\":\"SearchAction\",\"target\":{\"@type\":\"EntryPoint\",\"urlTemplate\":\"https:\\\/\\\/www.grainesdesaints.fr\\\/?s={search_term_string}\"},\"query-input\":{\"@type\":\"PropertyValueSpecification\",\"valueRequired\":true,\"valueName\":\"search_term_string\"}}],\"inLanguage\":\"fr-FR\"}]}<\/script>\n<!-- \/ Yoast SEO plugin. -->","yoast_head_json":{"title":"Panier d'achat - Graines de saints","robots":{"index":"index","follow":"follow","max-snippet":"max-snippet:-1","max-image-preview":"max-image-preview:large","max-video-preview":"max-video-preview:-1"},"canonical":"https:\/\/www.grainesdesaints.fr\/?page_id=628","og_locale":"fr_FR","og_type":"article","og_title":"Panier d'achat - Graines de saints","og_description":"\ud83d\udca1 Informations importantes : Le paiement est trait\u00e9 par PayPal, mais il n&rsquo;est pas n\u00e9cessaire d&rsquo;avoir un compte PayPal pour r\u00e9gler. Il est possible de choisir une option \u00ab\u00a0Payer par carte bancaire\u00a0\u00bb, qui permet d&rsquo;\u00e9viter de cr\u00e9er ou d&rsquo;utiliser un compte PayPal. Juste apr\u00e8s le paiement, sur la page de confirmation de paiement de PayPal, &hellip; Continuer la lecture &raquo;","og_url":"https:\/\/www.grainesdesaints.fr\/?page_id=628","og_site_name":"Graines de saints","article_modified_time":"2024-05-15T20:07:03+00:00","twitter_misc":{"Dur\u00e9e de lecture estim\u00e9e":"1 minute"},"schema":{"@context":"https:\/\/schema.org","@graph":[{"@type":"WebPage","@id":"https:\/\/www.grainesdesaints.fr\/?page_id=628","url":"https:\/\/www.grainesdesaints.fr\/?page_id=628","name":"Panier d'achat - Graines de saints","isPartOf":{"@id":"https:\/\/www.grainesdesaints.fr\/#website"},"datePublished":"2013-04-16T11:16:12+00:00","dateModified":"2024-05-15T20:07:03+00:00","breadcrumb":{"@id":"https:\/\/www.grainesdesaints.fr\/?page_id=628#breadcrumb"},"inLanguage":"fr-FR","potentialAction":[{"@type":"ReadAction","target":["https:\/\/www.grainesdesaints.fr\/?page_id=628"]}]},{"@type":"BreadcrumbList","@id":"https:\/\/www.grainesdesaints.fr\/?page_id=628#breadcrumb","itemListElement":[{"@type":"ListItem","position":1,"name":"Les chants","item":"https:\/\/www.grainesdesaints.fr\/?page_id=1455"},{"@type":"ListItem","position":2,"name":"Panier d&rsquo;achat"}]},{"@type":"WebSite","@id":"https:\/\/www.grainesdesaints.fr\/#website","url":"https:\/\/www.grainesdesaints.fr\/","name":"Graines de saints","description":"La vie des saints pour les 4-10 ans","potentialAction":[{"@type":"SearchAction","target":{"@type":"EntryPoint","urlTemplate":"https:\/\/www.grainesdesaints.fr\/?s={search_term_string}"},"query-input":{"@type":"PropertyValueSpecification","valueRequired":true,"valueName":"search_term_string"}}],"inLanguage":"fr-FR"}]}},"jetpack_shortlink":"https:\/\/wp.me\/P3sQ0b-a8","jetpack_sharing_enabled":true,"_links":{"self":[{"href":"https:\/\/www.grainesdesaints.fr\/index.php?rest_route=\/wp\/v2\/pages\/628","targetHints":{"allow":["GET"]}}],"collection":[{"href":"https:\/\/www.grainesdesaints.fr\/index.php?rest_route=\/wp\/v2\/pages"}],"about":[{"href":"https:\/\/www.grainesdesaints.fr\/index.php?rest_route=\/wp\/v2\/types\/page"}],"author":[{"embeddable":true,"href":"https:\/\/www.grainesdesaints.fr\/index.php?rest_route=\/wp\/v2\/users\/1"}],"replies":[{"embeddable":true,"href":"https:\/\/www.grainesdesaints.fr\/index.php?rest_route=%2Fwp%2Fv2%2Fcomments&post=628"}],"version-history":[{"count":11,"href":"https:\/\/www.grainesdesaints.fr\/index.php?rest_route=\/wp\/v2\/pages\/628\/revisions"}],"predecessor-version":[{"id":25777,"href":"https:\/\/www.grainesdesaints.fr\/index.php?rest_route=\/wp\/v2\/pages\/628\/revisions\/25777"}],"up":[{"embeddable":true,"href":"https:\/\/www.grainesdesaints.fr\/index.php?rest_route=\/wp\/v2\/pages\/1455"}],"wp:attachment":[{"href":"https:\/\/www.grainesdesaints.fr\/index.php?rest_route=%2Fwp%2Fv2%2Fmedia&parent=628"}],"curies":[{"name":"wp","href":"https:\/\/api.w.org\/{rel}","templated":true}]}}